Last updated on 2025-04-29 06:49:44 CEST.
Flavor | Version | Tinstall | Tcheck | Ttotal | Status | Flags |
---|---|---|---|---|---|---|
r-devel-linux-x86_64-debian-clang | 1.1-20 | 3.29 | 160.26 | 163.55 | OK | |
r-devel-linux-x86_64-debian-gcc | 1.1-20 | 2.23 | 128.84 | 131.07 | NOTE | |
r-devel-linux-x86_64-fedora-clang | 1.1-20 | 258.67 | OK | |||
r-devel-linux-x86_64-fedora-gcc | 1.1-20 | 282.06 | OK | |||
r-devel-windows-x86_64 | 1.1-20 | 5.00 | 85.00 | 90.00 | OK | --no-vignettes |
r-patched-linux-x86_64 | 1.1-20 | 4.50 | 157.29 | 161.79 | OK | |
r-release-linux-x86_64 | 1.1-20 | 3.24 | 155.52 | 158.76 | OK | |
r-release-macos-arm64 | 1.1-20 | 122.00 | OK | |||
r-release-macos-x86_64 | 1.1-20 | 259.00 | OK | |||
r-release-windows-x86_64 | 1.1-20 | 5.00 | 88.00 | 93.00 | OK | --no-vignettes |
r-oldrel-macos-arm64 | 1.1-20 | 117.00 | OK | |||
r-oldrel-macos-x86_64 | 1.1-20 | 232.00 | OK | |||
r-oldrel-windows-x86_64 | 1.1-20 | 7.00 | 75.00 | 82.00 | OK | --no-vignettes |
Version: 1.1-20
Check: CRAN incoming feasibility
Result: NOTE
Maintainer: ‘Torsten Hothorn <Torsten.Hothorn@R-project.org>’
No Authors@R field in DESCRIPTION.
Please add one, modifying
Authors@R: c(person(given = c("Brian", "S."),
family = "Everitt",
role = "aut"),
person(given = "Torsten",
family = "Hothorn",
role = c("aut", "cre"),
email = "torsten.hothorn@r-project.org"))
as necessary.
Flavor: r-devel-linux-x86_64-debian-gcc