CRAN Package Check Results for Package ICC.Sample.Size

Last updated on 2025-05-05 18:50:07 CEST.

Flavor Version Tinstall Tcheck Ttotal Status Flags
r-devel-linux-x86_64-debian-clang 1.0 1.93 17.35 19.28 NOTE
r-devel-linux-x86_64-debian-gcc 1.0 1.55 14.32 15.87 NOTE
r-devel-linux-x86_64-fedora-clang 1.0 30.29 OK
r-devel-linux-x86_64-fedora-gcc 1.0 29.22 OK
r-devel-windows-x86_64 1.0 2.00 38.00 40.00 OK
r-patched-linux-x86_64 1.0 1.62 16.81 18.43 OK
r-release-linux-x86_64 1.0 1.93 16.55 18.48 OK
r-release-macos-arm64 1.0 14.00 OK
r-release-macos-x86_64 1.0 22.00 OK
r-release-windows-x86_64 1.0 3.00 38.00 41.00 OK
r-oldrel-macos-arm64 1.0 15.00 OK
r-oldrel-macos-x86_64 1.0 19.00 OK
r-oldrel-windows-x86_64 1.0 2.00 37.00 39.00 OK

Check Details

Version: 1.0
Check: CRAN incoming feasibility
Result: NOTE Maintainer: ‘Alasdair Rathbone <alasdair.rathbone@gmail.com>’ No Authors@R field in DESCRIPTION. Please add one, modifying Authors@R: c(person(given = "Alasdair", family = "Rathbone", role = c("aut", "cre"), email = "alasdair.rathbone@gmail.com"), person(given = "Saurabh", family = "Shaw", role = "aut"), person(given = "Dinesh", family = "Kumbhare", role = "aut")) as necessary. Flavors: r-devel-linux-x86_64-debian-clang, r-devel-linux-x86_64-debian-gcc