CRAN Package Check Results for Package ICODS

Last updated on 2025-04-28 18:50:11 CEST.

Flavor Version Tinstall Tcheck Ttotal Status Flags
r-devel-linux-x86_64-debian-clang 1.1 3.21 30.26 33.47 OK
r-devel-linux-x86_64-debian-gcc 1.1 2.58 23.04 25.62 NOTE
r-devel-linux-x86_64-fedora-clang 1.1 53.72 OK
r-devel-linux-x86_64-fedora-gcc 1.1 51.38 OK
r-devel-windows-x86_64 1.1 5.00 52.00 57.00 OK
r-patched-linux-x86_64 1.1 3.26 29.13 32.39 OK
r-release-linux-x86_64 1.1 2.93 28.86 31.79 OK
r-release-macos-arm64 1.1 19.00 OK
r-release-macos-x86_64 1.1 37.00 OK
r-release-windows-x86_64 1.1 4.00 53.00 57.00 OK
r-oldrel-macos-arm64 1.1 18.00 OK
r-oldrel-macos-x86_64 1.1 31.00 OK
r-oldrel-windows-x86_64 1.1 4.00 56.00 60.00 OK

Check Details

Version: 1.1
Check: CRAN incoming feasibility
Result: NOTE Maintainer: ‘Shannon T. Holloway <shannon.t.holloway@gmail.com>’ No Authors@R field in DESCRIPTION. Please add one, modifying Authors@R: c(person(given = c("Shannon", "T."), family = "Holloway", role = c("aut", "cre"), email = "shannon.t.holloway@gmail.com"), person(given = "Qingning", family = "Zhou", role = "aut"), person(given = "Jianwen", family = "Cai", role = "aut"), person(given = "Haibo", family = "Zhou", role = "aut")) as necessary. Flavor: r-devel-linux-x86_64-debian-gcc