Last updated on 2025-04-28 18:50:11 CEST.
Flavor | Version | Tinstall | Tcheck | Ttotal | Status | Flags |
---|---|---|---|---|---|---|
r-devel-linux-x86_64-debian-clang | 1.0.8 | 115.28 | 79.08 | 194.36 | OK | |
r-devel-linux-x86_64-debian-gcc | 1.0.8 | 76.58 | 56.12 | 132.70 | NOTE | |
r-devel-linux-x86_64-fedora-clang | 1.0.8 | 370.04 | OK | |||
r-devel-linux-x86_64-fedora-gcc | 1.0.8 | 325.37 | OK | |||
r-devel-windows-x86_64 | 1.0.8 | 128.00 | 111.00 | 239.00 | OK | |
r-patched-linux-x86_64 | 1.0.8 | 104.92 | 76.41 | 181.33 | OK | |
r-release-linux-x86_64 | 1.0.8 | 100.99 | 76.45 | 177.44 | OK | |
r-release-macos-arm64 | 1.0.8 | 85.00 | OK | |||
r-release-macos-x86_64 | 1.0.8 | 124.00 | OK | |||
r-release-windows-x86_64 | 1.0.8 | 124.00 | 107.00 | 231.00 | OK | |
r-oldrel-macos-arm64 | 1.0.8 | 74.00 | OK | |||
r-oldrel-macos-x86_64 | 1.0.8 | 89.00 | OK | |||
r-oldrel-windows-x86_64 | 1.0.8 | 149.00 | 137.00 | 286.00 | OK |
Version: 1.0.8
Check: CRAN incoming feasibility
Result: NOTE
Maintainer: ‘Daniel Nevo <danielnevo@gmail.com>’
No Authors@R field in DESCRIPTION.
Please add one, modifying
Authors@R: person(given = "Daniel",
family = "Nevo",
role = c("aut", "cre"),
email = "danielnevo@gmail.com")
as necessary.
The Description field contains
proportional hazard model, Nevo et al. (2018+) <arXiv:1801.01529>.
Please refer to arXiv e-prints via their arXiv DOI <doi:10.48550/arXiv.YYMM.NNNNN>.
Flavor: r-devel-linux-x86_64-debian-gcc