Last updated on 2025-04-29 18:50:45 CEST.
Flavor | Version | Tinstall | Tcheck | Ttotal | Status | Flags |
---|---|---|---|---|---|---|
r-devel-linux-x86_64-debian-clang | 0.2.0 | 1.86 | 54.27 | 56.13 | NOTE | |
r-devel-linux-x86_64-debian-gcc | 0.2.0 | 1.67 | 39.08 | 40.75 | NOTE | |
r-devel-linux-x86_64-fedora-clang | 0.2.0 | 90.72 | OK | |||
r-devel-linux-x86_64-fedora-gcc | 0.2.0 | 84.98 | OK | |||
r-devel-windows-x86_64 | 0.2.0 | 4.00 | 72.00 | 76.00 | OK | |
r-patched-linux-x86_64 | 0.2.0 | 2.02 | 50.83 | 52.85 | OK | |
r-release-linux-x86_64 | 0.2.0 | 1.66 | 50.79 | 52.45 | OK | |
r-release-macos-arm64 | 0.2.0 | 52.00 | OK | |||
r-release-macos-x86_64 | 0.2.0 | 69.00 | OK | |||
r-release-windows-x86_64 | 0.2.0 | 4.00 | 73.00 | 77.00 | OK | |
r-oldrel-macos-arm64 | 0.2.0 | 37.00 | NOTE | |||
r-oldrel-macos-x86_64 | 0.2.0 | 43.00 | NOTE | |||
r-oldrel-windows-x86_64 | 0.2.0 | 5.00 | 84.00 | 89.00 | NOTE |
Version: 0.2.0
Check: examples
Result: NOTE
Examples with CPU (user + system) or elapsed time > 5s
user system elapsed
computeIMEC 4.377 0.62 6.268
Flavor: r-devel-linux-x86_64-debian-clang
Version: 0.2.0
Check: examples
Result: NOTE
Examples with CPU (user + system) or elapsed time > 5s
user system elapsed
computeIMEC 3.675 0.919 6.321
Flavor: r-devel-linux-x86_64-debian-gcc
Version: 0.2.0
Check: LazyData
Result: NOTE
'LazyData' is specified without a 'data' directory
Flavors: r-oldrel-macos-arm64, r-oldrel-macos-x86_64, r-oldrel-windows-x86_64