CRAN Package Check Results for Package InferenceSMR

Last updated on 2025-07-04 07:49:30 CEST.

Flavor Version Tinstall Tcheck Ttotal Status Flags
r-devel-linux-x86_64-debian-clang 1.0.2 6.23 55.62 61.85 NOTE
r-devel-linux-x86_64-debian-gcc 1.0.2 4.64 41.70 46.34 NOTE
r-devel-linux-x86_64-fedora-clang 1.0.2 93.09 OK
r-devel-linux-x86_64-fedora-gcc 1.0.2 85.46 OK
r-devel-windows-x86_64 1.0.2 7.00 69.00 76.00 OK
r-patched-linux-x86_64 1.0.2 6.84 52.82 59.66 OK
r-release-linux-x86_64 1.0.2 6.00 52.86 58.86 OK
r-release-macos-arm64 1.0.2 30.00 OK
r-release-macos-x86_64 1.0.2 48.00 OK
r-release-windows-x86_64 1.0.2 7.00 71.00 78.00 OK
r-oldrel-macos-arm64 1.0.2 29.00 OK
r-oldrel-macos-x86_64 1.0.2 43.00 OK
r-oldrel-windows-x86_64 1.0.2 10.00 77.00 87.00 OK

Check Details

Version: 1.0.2
Check: CRAN incoming feasibility
Result: NOTE Maintainer: ‘Denis Talbot <denis.talbot@fmed.ulaval.ca>’ No Authors@R field in DESCRIPTION. Please add one, modifying Authors@R: c(person(given = "Denis", family = "Talbot", role = c("aut", "cre"), email = "denis.talbot@fmed.ulaval.ca"), person(given = "Thierry", family = "Duchesne", role = "aut"), person(given = "Jacques", family = "Brisson", role = "aut"), person(given = "Nathalie", family = "Vandal", role = "aut")) as necessary. Flavors: r-devel-linux-x86_64-debian-clang, r-devel-linux-x86_64-debian-gcc