Last updated on 2025-07-17 06:49:36 CEST.
Flavor | Version | Tinstall | Tcheck | Ttotal | Status | Flags |
---|---|---|---|---|---|---|
r-devel-linux-x86_64-debian-clang | 1.0.2 | 18.77 | 73.06 | 91.83 | NOTE | |
r-devel-linux-x86_64-debian-gcc | 1.0.2 | 13.50 | 52.81 | 66.31 | NOTE | |
r-devel-linux-x86_64-fedora-clang | 1.0.2 | 141.46 | NOTE | |||
r-devel-linux-x86_64-fedora-gcc | 1.0.2 | 136.03 | NOTE | |||
r-devel-windows-x86_64 | 1.0.2 | 23.00 | 85.00 | 108.00 | NOTE | |
r-patched-linux-x86_64 | 1.0.2 | 20.02 | 69.61 | 89.63 | NOTE | |
r-release-linux-x86_64 | 1.0.2 | 18.10 | 68.56 | 86.66 | NOTE | |
r-release-macos-arm64 | 1.0.2 | 50.00 | NOTE | |||
r-release-macos-x86_64 | 1.0.2 | 89.00 | NOTE | |||
r-release-windows-x86_64 | 1.0.2 | 22.00 | 87.00 | 109.00 | NOTE | |
r-oldrel-macos-arm64 | 1.0.2 | 41.00 | NOTE | |||
r-oldrel-macos-x86_64 | 1.0.2 | 77.00 | NOTE | |||
r-oldrel-windows-x86_64 | 1.0.2 | 27.00 | 108.00 | 135.00 | NOTE |
Version: 1.0.2
Check: Rd files
Result: NOTE
checkRd: (-1) jointLPM.Rd:298: Lost braces; missing escapes or markup?
298 | following transformation b_1 + b_2*I_1(Y(t)) + ... + b_{n+2}*I_{n+1}(Y(t)),
| ^
checkRd: (-1) jointLPM.Rd:298: Lost braces; missing escapes or markup?
298 | following transformation b_1 + b_2*I_1(Y(t)) + ... + b_{n+2}*I_{n+1}(Y(t)),
| ^
checkRd: (-1) jointLPM.Rd:299: Lost braces; missing escapes or markup?
299 | where I_1,...,I_{n+1} is the basis of quadratic I-splines. To constraint the
| ^
Flavors: r-devel-linux-x86_64-debian-clang, r-devel-linux-x86_64-debian-gcc, r-devel-linux-x86_64-fedora-clang, r-devel-linux-x86_64-fedora-gcc, r-devel-windows-x86_64, r-patched-linux-x86_64, r-release-linux-x86_64, r-release-macos-arm64, r-release-macos-x86_64, r-release-windows-x86_64, r-oldrel-macos-arm64, r-oldrel-macos-x86_64, r-oldrel-windows-x86_64