Last updated on 2025-04-28 18:50:12 CEST.
Flavor | Version | Tinstall | Tcheck | Ttotal | Status | Flags |
---|---|---|---|---|---|---|
r-devel-linux-x86_64-debian-clang | 1.5 | 2.52 | 20.00 | 22.52 | OK | |
r-devel-linux-x86_64-debian-gcc | 1.5 | 1.89 | 16.95 | 18.84 | NOTE | |
r-devel-linux-x86_64-fedora-clang | 1.5 | 38.70 | OK | |||
r-devel-linux-x86_64-fedora-gcc | 1.5 | 34.19 | OK | |||
r-devel-windows-x86_64 | 1.5 | 3.00 | 41.00 | 44.00 | OK | |
r-patched-linux-x86_64 | 1.5 | 2.45 | 19.63 | 22.08 | OK | |
r-release-linux-x86_64 | 1.5 | 2.59 | 19.69 | 22.28 | OK | |
r-release-macos-arm64 | 1.5 | 18.00 | OK | |||
r-release-macos-x86_64 | 1.5 | 30.00 | OK | |||
r-release-windows-x86_64 | 1.5 | 4.00 | 42.00 | 46.00 | OK | |
r-oldrel-macos-arm64 | 1.5 | 16.00 | OK | |||
r-oldrel-macos-x86_64 | 1.5 | 21.00 | OK | |||
r-oldrel-windows-x86_64 | 1.5 | 3.00 | 40.00 | 43.00 | OK |
Version: 1.5
Check: CRAN incoming feasibility
Result: NOTE
Maintainer: ‘Shannon T. Holloway <shannon.t.holloway@gmail.com>’
No Authors@R field in DESCRIPTION.
Please add one, modifying
Authors@R: c(person(given = c("Emil", "A."),
family = "Cornea",
role = "aut"),
person(given = c("Liddy", "M."),
family = "Chen",
role = "aut"),
person(given = c("Bahjat", "F."),
family = "Qaqish",
role = "aut"),
person(given = "Haitao",
family = "Chu",
role = "aut"),
person(given = c("Joseph", "G."),
family = "Ibrahim",
role = "aut"),
person(given = c("Shannon", "T."),
family = "Holloway",
role = "cre",
email = "shannon.t.holloway@gmail.com"))
as necessary.
Flavor: r-devel-linux-x86_64-debian-gcc