CRAN Package Check Results for Package KRMM

Last updated on 2025-07-03 19:50:31 CEST.

Flavor Version Tinstall Tcheck Ttotal Status Flags
r-devel-linux-x86_64-debian-clang 1.0 4.80 39.15 43.95 NOTE
r-devel-linux-x86_64-debian-gcc 1.0 3.80 30.16 33.96 NOTE
r-devel-linux-x86_64-fedora-clang 1.0 66.04 NOTE
r-devel-linux-x86_64-fedora-gcc 1.0 64.23 NOTE
r-devel-windows-x86_64 1.0 5.00 55.00 60.00 NOTE
r-patched-linux-x86_64 1.0 4.84 37.64 42.48 NOTE
r-release-linux-x86_64 1.0 4.95 37.76 42.71 NOTE
r-release-macos-arm64 1.0 25.00 NOTE
r-release-macos-x86_64 1.0 39.00 NOTE
r-release-windows-x86_64 1.0 5.00 57.00 62.00 NOTE
r-oldrel-macos-arm64 1.0 23.00 NOTE
r-oldrel-macos-x86_64 1.0 39.00 NOTE
r-oldrel-windows-x86_64 1.0 7.00 67.00 74.00 NOTE

Check Details

Version: 1.0
Check: Rd files
Result: NOTE checkRd: (-1) Predict_kernel_Ridge_MM.Rd:45: Lost braces; missing escapes or markup? 45 | and alpha_train is the BLUP of alpha for the model, i.e. alpha_train=Cov(alpha,Y_train)*Var(Y_train)^{-1}*(Y_train - E[Y_train]) } | ^ Flavors: r-devel-linux-x86_64-debian-clang, r-devel-linux-x86_64-debian-gcc, r-devel-linux-x86_64-fedora-clang, r-devel-linux-x86_64-fedora-gcc, r-devel-windows-x86_64, r-patched-linux-x86_64, r-release-linux-x86_64, r-release-macos-arm64, r-release-macos-x86_64, r-release-windows-x86_64, r-oldrel-macos-arm64, r-oldrel-macos-x86_64, r-oldrel-windows-x86_64

Version: 1.0
Check: LazyData
Result: NOTE 'LazyData' is specified without a 'data' directory Flavors: r-oldrel-macos-arm64, r-oldrel-macos-x86_64, r-oldrel-windows-x86_64