Last updated on 2025-04-28 18:50:13 CEST.
Flavor | Version | Tinstall | Tcheck | Ttotal | Status | Flags |
---|---|---|---|---|---|---|
r-devel-linux-x86_64-debian-clang | 1.7 | 6.59 | 49.22 | 55.81 | OK | |
r-devel-linux-x86_64-debian-gcc | 1.7 | 5.30 | 37.17 | 42.47 | NOTE | |
r-devel-linux-x86_64-fedora-clang | 1.7 | 86.18 | OK | |||
r-devel-linux-x86_64-fedora-gcc | 1.7 | 82.22 | OK | |||
r-devel-windows-x86_64 | 1.7 | 7.00 | 61.00 | 68.00 | OK | |
r-patched-linux-x86_64 | 1.7 | 4.55 | 47.83 | 52.38 | OK | |
r-release-linux-x86_64 | 1.7 | 6.38 | 47.89 | 54.27 | OK | |
r-release-macos-arm64 | 1.7 | 35.00 | OK | |||
r-release-macos-x86_64 | 1.7 | 51.00 | OK | |||
r-release-windows-x86_64 | 1.7 | 7.00 | 64.00 | 71.00 | OK | |
r-oldrel-macos-arm64 | 1.7 | 28.00 | OK | |||
r-oldrel-macos-x86_64 | 1.7 | 40.00 | OK | |||
r-oldrel-windows-x86_64 | 1.7 | 9.00 | 77.00 | 86.00 | OK |
Version: 1.7
Check: CRAN incoming feasibility
Result: NOTE
Maintainer: ‘Jeffrey Endelman <endelman@wisc.edu>’
No Authors@R field in DESCRIPTION.
Please add one, modifying
Authors@R: person(given = "Jeffrey",
family = "Endelman",
role = c("aut", "cre"),
email = "endelman@wisc.edu")
as necessary.
Package CITATION file contains call(s) to old-style personList() or
as.personList(). Please use c() on person objects instead.
Package CITATION file contains call(s) to old-style citEntry(). Please
use bibentry() instead.
Flavor: r-devel-linux-x86_64-debian-gcc