Last updated on 2025-04-28 18:50:13 CEST.
Flavor | Version | Tinstall | Tcheck | Ttotal | Status | Flags |
---|---|---|---|---|---|---|
r-devel-linux-x86_64-debian-clang | 0.1.3 | 7.19 | 66.13 | 73.32 | OK | |
r-devel-linux-x86_64-debian-gcc | 0.1.3 | 5.42 | 48.05 | 53.47 | NOTE | |
r-devel-linux-x86_64-fedora-clang | 0.1.3 | 113.80 | OK | |||
r-devel-linux-x86_64-fedora-gcc | 0.1.3 | 106.00 | OK | |||
r-devel-windows-x86_64 | 0.1.3 | 9.00 | 82.00 | 91.00 | OK | |
r-patched-linux-x86_64 | 0.1.3 | 8.36 | 66.96 | 75.32 | OK | |
r-release-linux-x86_64 | 0.1.3 | 6.87 | 67.12 | 73.99 | OK | |
r-release-macos-arm64 | 0.1.3 | 35.00 | OK | |||
r-release-macos-x86_64 | 0.1.3 | 91.00 | OK | |||
r-release-windows-x86_64 | 0.1.3 | 10.00 | 83.00 | 93.00 | OK | |
r-oldrel-macos-arm64 | 0.1.3 | 36.00 | NOTE | |||
r-oldrel-macos-x86_64 | 0.1.3 | 48.00 | NOTE | |||
r-oldrel-windows-x86_64 | 0.1.3 | 13.00 | 104.00 | 117.00 | NOTE |
Version: 0.1.3
Check: CRAN incoming feasibility
Result: NOTE
Maintainer: ‘Xiangyu Zhang <zhan6004@umn.edu>’
No Authors@R field in DESCRIPTION.
Please add one, modifying
Authors@R: c(person(given = "Xiangyu",
family = "Zhang",
role = c("aut", "cre"),
email = "zhan6004@umn.edu"),
person(given = "Sara",
family = "Algeri",
role = "aut",
email = "salgeri@umn.edu"))
as necessary.
The Description field contains
Algeri S. and Zhang X. (2020) <arXiv:2005.13011>.
Please refer to arXiv e-prints via their arXiv DOI <doi:10.48550/arXiv.YYMM.NNNNN>.
Flavor: r-devel-linux-x86_64-debian-gcc
Version: 0.1.3
Check: LazyData
Result: NOTE
'LazyData' is specified without a 'data' directory
Flavors: r-oldrel-macos-arm64, r-oldrel-macos-x86_64, r-oldrel-windows-x86_64