CRAN Package Check Results for Package LSRS

Last updated on 2025-04-28 18:50:13 CEST.

Flavor Version Tinstall Tcheck Ttotal Status Flags
r-devel-linux-x86_64-debian-clang 0.2.0 1.70 16.89 18.59 OK
r-devel-linux-x86_64-debian-gcc 0.2.0 1.19 13.92 15.11 NOTE
r-devel-linux-x86_64-fedora-clang 0.2.0 29.71 OK
r-devel-linux-x86_64-fedora-gcc 0.2.0 28.44 OK
r-devel-windows-x86_64 0.2.0 3.00 40.00 43.00 OK
r-patched-linux-x86_64 0.2.0 1.79 16.69 18.48 OK
r-release-linux-x86_64 0.2.0 1.49 16.46 17.95 OK
r-release-macos-arm64 0.2.0 15.00 OK
r-release-macos-x86_64 0.2.0 36.00 OK
r-release-windows-x86_64 0.2.0 3.00 39.00 42.00 OK
r-oldrel-macos-arm64 0.2.0 14.00 NOTE
r-oldrel-macos-x86_64 0.2.0 19.00 NOTE
r-oldrel-windows-x86_64 0.2.0 3.00 42.00 45.00 NOTE

Check Details

Version: 0.2.0
Check: CRAN incoming feasibility
Result: NOTE Maintainer: ‘Mehdi Sarparast <mehdisarparast@gmail.com>’ No Authors@R field in DESCRIPTION. Please add one, modifying Authors@R: person(given = "Mehdi", family = "Sarparast", role = c("aut", "cre"), email = "mehdisarparast@gmail.com") as necessary. Flavor: r-devel-linux-x86_64-debian-gcc

Version: 0.2.0
Check: LazyData
Result: NOTE 'LazyData' is specified without a 'data' directory Flavors: r-oldrel-macos-arm64, r-oldrel-macos-x86_64, r-oldrel-windows-x86_64