CRAN Package Check Results for Package LinkedGASP

Last updated on 2025-04-29 18:50:46 CEST.

Flavor Version Tinstall Tcheck Ttotal Status Flags
r-devel-linux-x86_64-debian-clang 1.0 8.13 63.50 71.63 NOTE
r-devel-linux-x86_64-debian-gcc 1.0 5.69 48.35 54.04 NOTE
r-devel-linux-x86_64-fedora-clang 1.0 111.49 OK
r-devel-linux-x86_64-fedora-gcc 1.0 112.49 OK
r-devel-windows-x86_64 1.0 8.00 76.00 84.00 OK
r-patched-linux-x86_64 1.0 8.32 62.87 71.19 OK
r-release-linux-x86_64 1.0 7.76 63.01 70.77 OK
r-release-macos-arm64 1.0 36.00 OK
r-release-macos-x86_64 1.0 103.00 OK
r-release-windows-x86_64 1.0 9.00 78.00 87.00 OK
r-oldrel-macos-arm64 1.0 39.00 OK
r-oldrel-macos-x86_64 1.0 51.00 OK
r-oldrel-windows-x86_64 1.0 10.00 95.00 105.00 OK

Check Details

Version: 1.0
Check: CRAN incoming feasibility
Result: NOTE Maintainer: ‘Ksenia N. Kyzyurova <ksenia.kyzyurova@gmail.com>’ No Authors@R field in DESCRIPTION. Please add one, modifying Authors@R: c(person(given = c("Ksenia", "N."), family = "Kyzyurova", role = c("aut", "cre"), email = "ksenia.kyzyurova@gmail.com"), person(family = "kseniak.ucoz.net", role = "aut")) as necessary. Flavors: r-devel-linux-x86_64-debian-clang, r-devel-linux-x86_64-debian-gcc

Version: 1.0
Check: examples
Result: NOTE Examples with CPU (user + system) or elapsed time > 5s user system elapsed emp_GASP_plot 4.334 0.028 5.745 Flavor: r-devel-linux-x86_64-debian-clang

Version: 1.0
Check: examples
Result: NOTE Examples with CPU (user + system) or elapsed time > 5s user system elapsed emp_GASP_plot 3.833 0.044 5.077 Flavor: r-devel-linux-x86_64-debian-gcc