Last updated on 2025-04-28 18:50:14 CEST.
Flavor | Version | Tinstall | Tcheck | Ttotal | Status | Flags |
---|---|---|---|---|---|---|
r-devel-linux-x86_64-debian-clang | 4.0 | 6.71 | 61.38 | 68.09 | OK | |
r-devel-linux-x86_64-debian-gcc | 4.0 | 5.16 | 47.23 | 52.39 | NOTE | |
r-devel-linux-x86_64-fedora-clang | 4.0 | 108.25 | OK | |||
r-devel-linux-x86_64-fedora-gcc | 4.0 | 102.53 | OK | |||
r-devel-windows-x86_64 | 4.0 | 8.00 | 71.00 | 79.00 | OK | |
r-patched-linux-x86_64 | 4.0 | 7.35 | 59.77 | 67.12 | OK | |
r-release-linux-x86_64 | 4.0 | 6.42 | 60.66 | 67.08 | OK | |
r-release-macos-arm64 | 4.0 | 38.00 | OK | |||
r-release-macos-x86_64 | 4.0 | 62.00 | OK | |||
r-release-windows-x86_64 | 4.0 | 8.00 | 74.00 | 82.00 | OK | |
r-oldrel-macos-arm64 | 4.0 | 33.00 | OK | |||
r-oldrel-macos-x86_64 | 4.0 | 48.00 | OK | |||
r-oldrel-windows-x86_64 | 4.0 | 10.00 | 84.00 | 94.00 | OK |
Version: 4.0
Check: CRAN incoming feasibility
Result: NOTE
Maintainer: ‘Ray Bai <raybaistat@gmail.com>’
No Authors@R field in DESCRIPTION.
Please add one, modifying
Authors@R: c(person(given = "Ray",
family = "Bai",
role = c("aut", "cre"),
email = "raybaistat@gmail.com"),
person(given = "Malay",
family = "Ghosh",
role = "aut"))
as necessary.
Flavor: r-devel-linux-x86_64-debian-gcc