Last updated on 2025-04-29 06:49:47 CEST.
Flavor | Version | Tinstall | Tcheck | Ttotal | Status | Flags |
---|---|---|---|---|---|---|
r-devel-linux-x86_64-debian-clang | 1.7-1 | 587.06 | 125.35 | 712.41 | OK | |
r-devel-linux-x86_64-debian-gcc | 1.7-1 | 267.31 | 88.15 | 355.46 | OK | |
r-devel-linux-x86_64-fedora-clang | 1.7-1 | 1071.67 | OK | |||
r-devel-linux-x86_64-fedora-gcc | 1.7-1 | 902.06 | OK | |||
r-devel-windows-x86_64 | 1.7-1 | 360.00 | 169.00 | 529.00 | OK | |
r-patched-linux-x86_64 | 1.7-1 | 389.09 | 121.82 | 510.91 | OK | |
r-release-linux-x86_64 | 1.7-1 | 383.33 | 122.22 | 505.55 | OK | |
r-release-macos-arm64 | 1.7-1 | 249.00 | OK | |||
r-release-macos-x86_64 | 1.7-1 | 301.00 | OK | |||
r-release-windows-x86_64 | 1.7-1 | 360.00 | 172.00 | 532.00 | OK | |
r-oldrel-macos-arm64 | 1.7-1 | 244.00 | NOTE | |||
r-oldrel-macos-x86_64 | 1.7-1 | 263.00 | NOTE | |||
r-oldrel-windows-x86_64 | 1.7-1 | 427.00 | 217.00 | 644.00 | OK |
Version: 1.7-1
Check: installed package size
Result: NOTE
installed size is 34.3Mb
sub-directories of 1Mb or more:
libs 33.2Mb
Flavors: r-oldrel-macos-arm64, r-oldrel-macos-x86_64