Last updated on 2025-04-28 18:50:14 CEST.
Flavor | Version | Tinstall | Tcheck | Ttotal | Status | Flags |
---|---|---|---|---|---|---|
r-devel-linux-x86_64-debian-clang | 1.0-10.1 | 5.05 | 44.24 | 49.29 | OK | |
r-devel-linux-x86_64-debian-gcc | 1.0-10.1 | 3.59 | 33.17 | 36.76 | NOTE | |
r-devel-linux-x86_64-fedora-clang | 1.0-10.1 | 80.88 | OK | |||
r-devel-linux-x86_64-fedora-gcc | 1.0-10.1 | 78.49 | OK | |||
r-devel-windows-x86_64 | 1.0-10.1 | 6.00 | 70.00 | 76.00 | OK | |
r-patched-linux-x86_64 | 1.0-10.1 | 5.30 | 42.84 | 48.14 | OK | |
r-release-linux-x86_64 | 1.0-10.1 | 4.06 | 42.61 | 46.67 | OK | |
r-release-macos-arm64 | 1.0-10.1 | 41.00 | OK | |||
r-release-macos-x86_64 | 1.0-10.1 | 47.00 | OK | |||
r-release-windows-x86_64 | 1.0-10.1 | 5.00 | 72.00 | 77.00 | OK | |
r-oldrel-macos-arm64 | 1.0-10.1 | 24.00 | OK | |||
r-oldrel-macos-x86_64 | 1.0-10.1 | 57.00 | OK | |||
r-oldrel-windows-x86_64 | 1.0-10.1 | 7.00 | 81.00 | 88.00 | OK |
Version: 1.0-10.1
Check: CRAN incoming feasibility
Result: NOTE
Maintainer: ‘Bjoern Bornkamp <bornkamp@statistik.tu-dortmund.de>’
No Authors@R field in DESCRIPTION.
Please add one, modifying
Authors@R: c(person(given = "Bjoern",
family = "Bornkamp",
role = c("aut", "cre"),
email = "bornkamp@statistik.tu-dortmund.de"),
person(given = "Jose",
family = "Pinheiro",
role = "aut"),
person(given = "Frank",
family = "Bretz",
role = "aut"))
as necessary.
Package CITATION file contains call(s) to old-style personList() or
as.personList(). Please use c() on person objects instead.
Flavor: r-devel-linux-x86_64-debian-gcc