CRAN Package Check Results for Package MCSim

Last updated on 2025-04-29 06:49:47 CEST.

Flavor Version Tinstall Tcheck Ttotal Status Flags
r-devel-linux-x86_64-debian-clang 1.0 1.87 20.50 22.37 OK
r-devel-linux-x86_64-debian-gcc 1.0 1.32 16.98 18.30 NOTE
r-devel-linux-x86_64-fedora-clang 1.0 35.42 OK
r-devel-linux-x86_64-fedora-gcc 1.0 33.96 OK
r-devel-windows-x86_64 1.0 3.00 41.00 44.00 OK
r-patched-linux-x86_64 1.0 1.98 20.24 22.22 OK
r-release-linux-x86_64 1.0 1.89 19.74 21.63 OK
r-release-macos-arm64 1.0 19.00 OK
r-release-macos-x86_64 1.0 26.00 OK
r-release-windows-x86_64 1.0 3.00 44.00 47.00 OK
r-oldrel-macos-arm64 1.0 16.00 NOTE
r-oldrel-macos-x86_64 1.0 22.00 NOTE
r-oldrel-windows-x86_64 1.0 2.00 43.00 45.00 NOTE

Check Details

Version: 1.0
Check: CRAN incoming feasibility
Result: NOTE Maintainer: ‘Ahmed N. Albatineh <aalbatineh@hsc.edu.kw>’ No Authors@R field in DESCRIPTION. Please add one, modifying Authors@R: c(person(given = c("Ahmed", "N."), family = "Albatineh", role = c("aut", "cre"), email = "aalbatineh@hsc.edu.kw"), person(given = c("Meredith", "L."), family = "Wilcox", role = "aut"), person(given = "Bashar", family = "Zogheib", role = "aut"), person(given = "Magdalena", family = "Niewiadomska-Bugaj", role = "aut")) as necessary. Flavor: r-devel-linux-x86_64-debian-gcc

Version: 1.0
Check: LazyData
Result: NOTE 'LazyData' is specified without a 'data' directory Flavors: r-oldrel-macos-arm64, r-oldrel-macos-x86_64, r-oldrel-windows-x86_64