Last updated on 2025-04-29 06:49:47 CEST.
Flavor | Version | Tinstall | Tcheck | Ttotal | Status | Flags |
---|---|---|---|---|---|---|
r-devel-linux-x86_64-debian-clang | 1.0.0 | 4.99 | 46.20 | 51.19 | NOTE | |
r-devel-linux-x86_64-debian-gcc | 1.0.0 | 4.24 | 37.85 | 42.09 | NOTE | |
r-devel-linux-x86_64-fedora-clang | 1.0.0 | 82.59 | NOTE | |||
r-devel-linux-x86_64-fedora-gcc | 1.0.0 | 75.22 | NOTE | |||
r-devel-windows-x86_64 | 1.0.0 | 7.00 | 77.00 | 84.00 | NOTE | |
r-patched-linux-x86_64 | 1.0.0 | 4.71 | 48.73 | 53.44 | NOTE | |
r-release-linux-x86_64 | 1.0.0 | 5.37 | 48.37 | 53.74 | NOTE | |
r-release-macos-arm64 | 1.0.0 | 44.00 | NOTE | |||
r-release-macos-x86_64 | 1.0.0 | 46.00 | NOTE | |||
r-release-windows-x86_64 | 1.0.0 | 7.00 | 77.00 | 84.00 | NOTE | |
r-oldrel-macos-arm64 | 1.0.0 | 27.00 | NOTE | |||
r-oldrel-macos-x86_64 | 1.0.0 | 39.00 | NOTE | |||
r-oldrel-windows-x86_64 | 1.0.0 | 9.00 | 93.00 | 102.00 | NOTE |
Version: 1.0.0
Check: Rd files
Result: NOTE
checkRd: (-1) pBED.Rd:34: Escaped LaTeX specials: \&
Flavors: r-devel-linux-x86_64-debian-clang, r-devel-linux-x86_64-debian-gcc, r-devel-linux-x86_64-fedora-clang, r-devel-linux-x86_64-fedora-gcc, r-devel-windows-x86_64, r-patched-linux-x86_64, r-release-linux-x86_64, r-release-macos-arm64, r-release-macos-x86_64, r-release-windows-x86_64, r-oldrel-macos-arm64, r-oldrel-macos-x86_64, r-oldrel-windows-x86_64
Version: 1.0.0
Check: Rd cross-references
Result: NOTE
Found the following Rd file(s) with Rd \link{} targets missing package
anchors:
CDF_3dPlot.Rd: lattice
Please provide package anchors for all Rd \link{} targets not in the
package itself and the base packages.
Flavors: r-devel-linux-x86_64-debian-clang, r-devel-linux-x86_64-debian-gcc, r-devel-windows-x86_64, r-patched-linux-x86_64, r-release-linux-x86_64, r-release-windows-x86_64
Version: 1.0.0
Check: CRAN incoming feasibility
Result: NOTE
Maintainer: ‘Luis F. Duque <lfduquey@gmail.com>’
No Authors@R field in DESCRIPTION.
Please add one, modifying
Authors@R: person(given = c("Luis", "F."),
family = "Duque",
role = c("aut", "cre"),
email = "lfduquey@gmail.com")
as necessary.
Flavor: r-devel-linux-x86_64-debian-gcc
Version: 1.0.0
Check: dependencies in R code
Result: NOTE
Namespace in Imports field not imported from: ‘psych’
All declared Imports should be used.
Flavors: r-devel-linux-x86_64-fedora-clang, r-devel-linux-x86_64-fedora-gcc
Version: 1.0.0
Check: LazyData
Result: NOTE
'LazyData' is specified without a 'data' directory
Flavors: r-oldrel-macos-arm64, r-oldrel-macos-x86_64, r-oldrel-windows-x86_64