Last updated on 2025-04-28 18:50:14 CEST.
Flavor | Version | Tinstall | Tcheck | Ttotal | Status | Flags |
---|---|---|---|---|---|---|
r-devel-linux-x86_64-debian-clang | 1.6.1 | 2.70 | 20.90 | 23.60 | OK | |
r-devel-linux-x86_64-debian-gcc | 1.6.1 | 2.15 | 17.08 | 19.23 | NOTE | |
r-devel-linux-x86_64-fedora-clang | 1.6.1 | 37.38 | OK | |||
r-devel-linux-x86_64-fedora-gcc | 1.6.1 | 36.18 | OK | |||
r-devel-windows-x86_64 | 1.6.1 | 6.00 | 44.00 | 50.00 | OK | |
r-patched-linux-x86_64 | 1.6.1 | 2.55 | 20.69 | 23.24 | OK | |
r-release-linux-x86_64 | 1.6.1 | 2.49 | 20.51 | 23.00 | OK | |
r-release-macos-arm64 | 1.6.1 | 18.00 | OK | |||
r-release-macos-x86_64 | 1.6.1 | 28.00 | OK | |||
r-release-windows-x86_64 | 1.6.1 | 5.00 | 44.00 | 49.00 | OK | |
r-oldrel-macos-arm64 | 1.6.1 | 17.00 | OK | |||
r-oldrel-macos-x86_64 | 1.6.1 | 23.00 | OK | |||
r-oldrel-windows-x86_64 | 1.6.1 | 6.00 | 45.00 | 51.00 | OK |
Version: 1.6.1
Check: CRAN incoming feasibility
Result: NOTE
Maintainer: ‘Irina Gaynanova <irinagn@umich.edu>’
No Authors@R field in DESCRIPTION.
Please add one, modifying
Authors@R: person(given = "Irina",
family = "Gaynanova",
role = c("aut", "cre"),
email = "irinagn@umich.edu")
as necessary.
Flavor: r-devel-linux-x86_64-debian-gcc