Last updated on 2025-04-28 18:50:14 CEST.
Flavor | Version | Tinstall | Tcheck | Ttotal | Status | Flags |
---|---|---|---|---|---|---|
r-devel-linux-x86_64-debian-clang | 0.8 | 5.58 | 68.05 | 73.63 | OK | |
r-devel-linux-x86_64-debian-gcc | 0.8 | 4.14 | 52.20 | 56.34 | NOTE | |
r-devel-linux-x86_64-fedora-clang | 0.8 | 110.96 | OK | |||
r-devel-linux-x86_64-fedora-gcc | 0.8 | 119.29 | OK | |||
r-devel-windows-x86_64 | 0.8 | 7.00 | 88.00 | 95.00 | OK | |
r-patched-linux-x86_64 | 0.8 | 5.75 | 68.73 | 74.48 | OK | |
r-release-linux-x86_64 | 0.8 | 5.10 | 69.03 | 74.13 | OK | |
r-release-macos-arm64 | 0.8 | 61.00 | OK | |||
r-release-macos-x86_64 | 0.8 | 79.00 | OK | |||
r-release-windows-x86_64 | 0.8 | 7.00 | 88.00 | 95.00 | OK | |
r-oldrel-macos-arm64 | 0.8 | 37.00 | OK | |||
r-oldrel-macos-x86_64 | 0.8 | 61.00 | OK | |||
r-oldrel-windows-x86_64 | 0.8 | 9.00 | 103.00 | 112.00 | OK |
Version: 0.8
Check: CRAN incoming feasibility
Result: NOTE
Maintainer: ‘Matthias Kohl <Matthias.Kohl@stamats.de>’
The Description field contains
of variation (CV) (Arachchige et al. (2019), <arXiv:1907.01110>),
Please refer to arXiv e-prints via their arXiv DOI <doi:10.48550/arXiv.YYMM.NNNNN>.
Flavor: r-devel-linux-x86_64-debian-gcc