Last updated on 2025-04-30 07:55:13 CEST.
Flavor | Version | Tinstall | Tcheck | Ttotal | Status | Flags |
---|---|---|---|---|---|---|
r-devel-linux-x86_64-debian-clang | 0.2.0 | 1.89 | 23.86 | 25.75 | NOTE | |
r-devel-linux-x86_64-debian-gcc | 0.2.0 | 1.43 | 20.42 | 21.85 | NOTE | |
r-devel-linux-x86_64-fedora-clang | 0.2.0 | 39.19 | OK | |||
r-devel-linux-x86_64-fedora-gcc | 0.2.0 | 53.19 | OK | |||
r-devel-windows-x86_64 | 0.2.0 | 3.00 | 43.00 | 46.00 | OK | |
r-patched-linux-x86_64 | 0.2.0 | 1.76 | 22.22 | 23.98 | OK | |
r-release-linux-x86_64 | 0.2.0 | 1.69 | 21.74 | 23.43 | OK | |
r-release-macos-arm64 | 0.2.0 | 24.00 | OK | |||
r-release-macos-x86_64 | 0.2.0 | 43.00 | OK | |||
r-release-windows-x86_64 | 0.2.0 | 3.00 | 47.00 | 50.00 | OK | |
r-oldrel-macos-arm64 | 0.2.0 | 23.00 | OK | |||
r-oldrel-macos-x86_64 | 0.2.0 | 37.00 | OK | |||
r-oldrel-windows-x86_64 | 0.2.0 | 2.00 | 49.00 | 51.00 | OK |
Version: 0.2.0
Check: CRAN incoming feasibility
Result: NOTE
Maintainer: ‘Mikhail Popov <mikhail@mpopov.com>’
Found the following (possibly) invalid file URI:
URI: CONDUCT.md
From: README.md
Flavors: r-devel-linux-x86_64-debian-clang, r-devel-linux-x86_64-debian-gcc