CRAN Package Check Results for Package MMWRweek

Last updated on 2025-04-28 18:50:14 CEST.

Flavor Version Tinstall Tcheck Ttotal Status Flags
r-devel-linux-x86_64-debian-clang 0.1.3 1.65 17.27 18.92 OK
r-devel-linux-x86_64-debian-gcc 0.1.3 1.35 15.37 16.72 NOTE
r-devel-linux-x86_64-fedora-clang 0.1.3 30.25 OK
r-devel-linux-x86_64-fedora-gcc 0.1.3 28.52 OK
r-devel-windows-x86_64 0.1.3 2.00 39.00 41.00 OK
r-patched-linux-x86_64 0.1.3 1.57 16.81 18.38 OK
r-release-linux-x86_64 0.1.3 1.50 16.91 18.41 OK
r-release-macos-arm64 0.1.3 17.00 OK
r-release-macos-x86_64 0.1.3 22.00 OK
r-release-windows-x86_64 0.1.3 3.00 40.00 43.00 OK
r-oldrel-macos-arm64 0.1.3 14.00 OK
r-oldrel-macos-x86_64 0.1.3 21.00 OK
r-oldrel-windows-x86_64 0.1.3 3.00 41.00 44.00 OK

Check Details

Version: 0.1.3
Check: CRAN incoming feasibility
Result: NOTE Maintainer: ‘Jarad Niemi <niemi@iastate.edu>’ No Authors@R field in DESCRIPTION. Please add one, modifying Authors@R: person(given = "Jarad", family = "Niemi", role = c("aut", "cre"), email = "niemi@iastate.edu") as necessary. Flavor: r-devel-linux-x86_64-debian-gcc