Last updated on 2025-07-04 07:49:32 CEST.
Flavor | Version | Tinstall | Tcheck | Ttotal | Status | Flags |
---|---|---|---|---|---|---|
r-devel-linux-x86_64-debian-clang | 0.7.2 | 5.19 | 86.57 | 91.76 | NOTE | |
r-devel-linux-x86_64-debian-gcc | 0.7.2 | 3.72 | 58.07 | 61.79 | NOTE | |
r-devel-linux-x86_64-fedora-clang | 0.7.2 | 138.95 | NOTE | |||
r-devel-linux-x86_64-fedora-gcc | 0.7.2 | 148.77 | NOTE | |||
r-devel-windows-x86_64 | 0.7.2 | 7.00 | 95.00 | 102.00 | NOTE | |
r-patched-linux-x86_64 | 0.7.2 | 5.36 | 79.52 | 84.88 | NOTE | |
r-release-linux-x86_64 | 0.7.2 | 4.52 | 78.40 | 82.92 | NOTE | |
r-release-macos-arm64 | 0.7.2 | 67.00 | NOTE | |||
r-release-macos-x86_64 | 0.7.2 | 109.00 | NOTE | |||
r-release-windows-x86_64 | 0.7.2 | 7.00 | 93.00 | 100.00 | NOTE | |
r-oldrel-macos-arm64 | 0.7.2 | 52.00 | NOTE | |||
r-oldrel-macos-x86_64 | 0.7.2 | 95.00 | NOTE | |||
r-oldrel-windows-x86_64 | 0.7.2 | 9.00 | 123.00 | 132.00 | NOTE |
Version: 0.7.2
Check: Rd files
Result: NOTE
checkRd: (-1) mma.Rd:67: Escaped LaTeX specials: \&
Flavors: r-devel-linux-x86_64-debian-clang, r-devel-linux-x86_64-debian-gcc, r-devel-linux-x86_64-fedora-clang, r-devel-linux-x86_64-fedora-gcc, r-devel-windows-x86_64, r-patched-linux-x86_64, r-release-linux-x86_64, r-release-macos-arm64, r-release-macos-x86_64, r-release-windows-x86_64, r-oldrel-macos-arm64, r-oldrel-macos-x86_64, r-oldrel-windows-x86_64