Last updated on 2025-07-04 07:49:33 CEST.
Flavor | Version | Tinstall | Tcheck | Ttotal | Status | Flags |
---|---|---|---|---|---|---|
r-devel-linux-x86_64-debian-clang | 0.2.1 | 1.50 | 66.00 | 67.50 | NOTE | |
r-devel-linux-x86_64-debian-gcc | 0.2.1 | 1.25 | 49.57 | 50.82 | NOTE | |
r-devel-linux-x86_64-fedora-clang | 0.2.1 | 104.50 | OK | |||
r-devel-linux-x86_64-fedora-gcc | 0.2.1 | 122.40 | OK | |||
r-devel-windows-x86_64 | 0.2.1 | 4.00 | 103.00 | 107.00 | OK | |
r-patched-linux-x86_64 | 0.2.1 | 1.67 | 64.22 | 65.89 | OK | |
r-release-linux-x86_64 | 0.2.1 | 1.54 | 63.08 | 64.62 | OK | |
r-release-macos-arm64 | 0.2.1 | 88.00 | OK | |||
r-release-macos-x86_64 | 0.2.1 | 106.00 | OK | |||
r-release-windows-x86_64 | 0.2.1 | 3.00 | 102.00 | 105.00 | OK | |
r-oldrel-macos-arm64 | 0.2.1 | 42.00 | OK | |||
r-oldrel-macos-x86_64 | 0.2.1 | 77.00 | OK | |||
r-oldrel-windows-x86_64 | 0.2.1 | 2.00 | 125.00 | 127.00 | OK |
Version: 0.2.1
Check: CRAN incoming feasibility
Result: NOTE
Maintainer: ‘François Grolleau <francois.grolleau@aphp.fr>’
No Authors@R field in DESCRIPTION.
Please add one, modifying
Authors@R: person(given = "François",
family = "Grolleau",
role = c("aut", "cre"),
email = "francois.grolleau@aphp.fr")
as necessary.
Flavors: r-devel-linux-x86_64-debian-clang, r-devel-linux-x86_64-debian-gcc