Last updated on 2025-04-28 18:50:14 CEST.
Flavor | Version | Tinstall | Tcheck | Ttotal | Status | Flags |
---|---|---|---|---|---|---|
r-devel-linux-x86_64-debian-clang | 2.0.0 | 36.95 | 334.19 | 371.14 | NOTE | |
r-devel-linux-x86_64-debian-gcc | 2.0.0 | 22.93 | 207.59 | 230.52 | NOTE | |
r-devel-linux-x86_64-fedora-clang | 2.0.0 | 584.25 | NOTE | |||
r-devel-linux-x86_64-fedora-gcc | 2.0.0 | 589.64 | NOTE | |||
r-devel-windows-x86_64 | 2.0.0 | 32.00 | 303.00 | 335.00 | NOTE | |
r-patched-linux-x86_64 | 2.0.0 | 33.16 | 318.80 | 351.96 | NOTE | |
r-release-linux-x86_64 | 2.0.0 | 30.53 | 316.35 | 346.88 | NOTE | |
r-release-macos-arm64 | 2.0.0 | 143.00 | NOTE | |||
r-release-macos-x86_64 | 2.0.0 | 312.00 | NOTE | |||
r-release-windows-x86_64 | 2.0.0 | 32.00 | 300.00 | 332.00 | NOTE | |
r-oldrel-macos-arm64 | 2.0.0 | 131.00 | NOTE | |||
r-oldrel-macos-x86_64 | 2.0.0 | 218.00 | NOTE | |||
r-oldrel-windows-x86_64 | 2.0.0 | 45.00 | 407.00 | 452.00 | NOTE |
Version: 2.0.0
Check: Rd files
Result: NOTE
checkRd: (-1) rland.graph.Rd:27: Lost braces in \itemize; \value handles \item{}{} directly
checkRd: (-1) rland.graph.Rd:28: Lost braces in \itemize; \value handles \item{}{} directly
checkRd: (-1) rland.graph.Rd:29: Lost braces in \itemize; \value handles \item{}{} directly
checkRd: (-1) rland.graph.Rd:30: Lost braces in \itemize; \value handles \item{}{} directly
checkRd: (-1) rland.graph.Rd:31: Lost braces in \itemize; \value handles \item{}{} directly
checkRd: (-1) rland.graph.Rd:32: Lost braces in \itemize; \value handles \item{}{} directly
checkRd: (-1) rland.graph.Rd:33-34: Lost braces in \itemize; \value handles \item{}{} directly
Flavors: r-devel-linux-x86_64-debian-clang, r-devel-linux-x86_64-debian-gcc, r-devel-linux-x86_64-fedora-clang, r-devel-linux-x86_64-fedora-gcc, r-devel-windows-x86_64, r-patched-linux-x86_64, r-release-linux-x86_64, r-release-macos-arm64, r-release-macos-x86_64, r-release-windows-x86_64, r-oldrel-macos-arm64, r-oldrel-macos-x86_64, r-oldrel-windows-x86_64
Version: 2.0.0
Check: CRAN incoming feasibility
Result: NOTE
Maintainer: ‘Frederico Mestre <mestre.frederico@gmail.com>’
No Authors@R field in DESCRIPTION.
Please add one, modifying
Authors@R: c(person(given = "Frederico",
family = "Mestre",
role = c("aut", "cre"),
email = "mestre.frederico@gmail.com"),
person(given = "Fernando",
family = "Canovas",
role = "aut"),
person(given = "Benjamin",
family = "Risk",
role = "aut"),
person(given = "Ricardo",
family = "Pita",
role = "aut"),
person(given = "Antonio",
family = "Mira",
role = "aut"),
person(given = "Pedro",
family = "Beja.",
role = "aut"))
as necessary.
Package CITATION file contains call(s) to old-style personList() or
as.personList(). Please use c() on person objects instead.
Package CITATION file contains call(s) to old-style citEntry(). Please
use bibentry() instead.
Flavor: r-devel-linux-x86_64-debian-gcc
Version: 2.0.0
Check: installed package size
Result: NOTE
installed size is 14.4Mb
sub-directories of 1Mb or more:
data 3.0Mb
examples 10.3Mb
Flavors: r-oldrel-macos-arm64, r-oldrel-macos-x86_64, r-oldrel-windows-x86_64