Last updated on 2025-04-28 18:50:14 CEST.
Flavor | Version | Tinstall | Tcheck | Ttotal | Status | Flags |
---|---|---|---|---|---|---|
r-devel-linux-x86_64-debian-clang | 2.0 | 4.24 | 45.95 | 50.19 | OK | |
r-devel-linux-x86_64-debian-gcc | 2.0 | 2.89 | 31.45 | 34.34 | NOTE | |
r-devel-linux-x86_64-fedora-clang | 2.0 | 78.60 | OK | |||
r-devel-linux-x86_64-fedora-gcc | 2.0 | 78.63 | OK | |||
r-devel-windows-x86_64 | 2.0 | 5.00 | 61.00 | 66.00 | OK | |
r-patched-linux-x86_64 | 2.0 | 4.14 | 43.55 | 47.69 | OK | |
r-release-linux-x86_64 | 2.0 | 4.36 | 42.99 | 47.35 | OK | |
r-release-macos-arm64 | 2.0 | 24.00 | OK | |||
r-release-macos-x86_64 | 2.0 | 61.00 | OK | |||
r-release-windows-x86_64 | 2.0 | 5.00 | 60.00 | 65.00 | OK | |
r-oldrel-macos-arm64 | 2.0 | 24.00 | OK | |||
r-oldrel-macos-x86_64 | 2.0 | 37.00 | OK | |||
r-oldrel-windows-x86_64 | 2.0 | 6.00 | 69.00 | 75.00 | OK |
Version: 2.0
Check: CRAN incoming feasibility
Result: NOTE
Maintainer: ‘Alicja Wolny-Dominiak <alicja.wolny-dominiak@ue.katowice.pl>’
No Authors@R field in DESCRIPTION.
Please add one, modifying
Authors@R: c(person(given = "Alicja",
family = "Wolny-Dominiak",
role = c("aut", "cre"),
email = "alicja.wolny-dominiak@ue.katowice.pl"),
person(given = "Michal",
family = "Trzesiok",
role = "aut"))
as necessary.
Flavor: r-devel-linux-x86_64-debian-gcc