Last updated on 2025-07-04 07:49:33 CEST.
Flavor | Version | Tinstall | Tcheck | Ttotal | Status | Flags |
---|---|---|---|---|---|---|
r-devel-linux-x86_64-debian-clang | 1.1.1 | 44.66 | 132.13 | 176.79 | NOTE | |
r-devel-linux-x86_64-debian-gcc | 1.1.1 | 26.24 | 90.67 | 116.91 | NOTE | |
r-devel-linux-x86_64-fedora-clang | 1.1.1 | 272.22 | OK | |||
r-devel-linux-x86_64-fedora-gcc | 1.1.1 | 270.12 | OK | |||
r-devel-windows-x86_64 | 1.1.1 | 37.00 | 160.00 | 197.00 | NOTE | |
r-patched-linux-x86_64 | 1.1.1 | 43.62 | 122.82 | 166.44 | NOTE | |
r-release-linux-x86_64 | 1.1.1 | 39.61 | 121.96 | 161.57 | NOTE | |
r-release-macos-arm64 | 1.1.1 | 96.00 | OK | |||
r-release-macos-x86_64 | 1.1.1 | 157.00 | OK | |||
r-release-windows-x86_64 | 1.1.1 | 41.00 | 158.00 | 199.00 | NOTE | |
r-oldrel-macos-arm64 | 1.1.1 | 77.00 | OK | |||
r-oldrel-macos-x86_64 | 1.1.1 | 118.00 | OK | |||
r-oldrel-windows-x86_64 | 1.1.1 | 59.00 | 195.00 | 254.00 | OK |
Version: 1.1.1
Check: Rd cross-references
Result: NOTE
Found the following Rd file(s) with Rd \link{} targets missing package
anchors:
mplus.traceplot.Rd: plot.mcmc
Please provide package anchors for all Rd \link{} targets not in the
package itself and the base packages.
Flavors: r-devel-linux-x86_64-debian-clang, r-devel-linux-x86_64-debian-gcc, r-devel-windows-x86_64, r-patched-linux-x86_64, r-release-linux-x86_64, r-release-windows-x86_64