CRAN Package Check Results for Package Mqrcm

Last updated on 2025-07-04 19:50:24 CEST.

Flavor Version Tinstall Tcheck Ttotal Status Flags
r-devel-linux-x86_64-debian-clang 1.3 10.43 92.48 102.91 NOTE
r-devel-linux-x86_64-debian-gcc 1.3 8.55 65.54 74.09 NOTE
r-devel-linux-x86_64-fedora-clang 1.3 159.29 OK
r-devel-linux-x86_64-fedora-gcc 1.3 152.05 OK
r-devel-windows-x86_64 1.3 13.00 97.00 110.00 OK
r-patched-linux-x86_64 1.3 10.76 86.79 97.55 OK
r-release-linux-x86_64 1.3 10.71 86.73 97.44 OK
r-release-macos-arm64 1.3 41.00 OK
r-release-macos-x86_64 1.3 93.00 OK
r-release-windows-x86_64 1.3 12.00 96.00 108.00 OK
r-oldrel-macos-arm64 1.3 45.00 OK
r-oldrel-macos-x86_64 1.3 63.00 OK
r-oldrel-windows-x86_64 1.3 17.00 124.00 141.00 OK

Check Details

Version: 1.3
Check: CRAN incoming feasibility
Result: NOTE Maintainer: ‘Paolo Frumento <paolo.frumento@unipi.it>’ No Authors@R field in DESCRIPTION. Please add one, modifying Authors@R: person(given = "Paolo", family = "Frumento", role = c("aut", "cre"), email = "paolo.frumento@unipi.it") as necessary. Flavors: r-devel-linux-x86_64-debian-clang, r-devel-linux-x86_64-debian-gcc