Last updated on 2025-07-03 19:50:34 CEST.
Flavor | Version | Tinstall | Tcheck | Ttotal | Status | Flags |
---|---|---|---|---|---|---|
r-devel-linux-x86_64-debian-clang | 23.11.0 | 41.39 | 244.86 | 286.25 | NOTE | |
r-devel-linux-x86_64-debian-gcc | 23.11.0 | 25.43 | 155.04 | 180.47 | NOTE | |
r-devel-linux-x86_64-fedora-clang | 23.11.0 | 446.44 | OK | |||
r-devel-linux-x86_64-fedora-gcc | 23.11.0 | 419.97 | OK | |||
r-devel-windows-x86_64 | 23.11.0 | 39.00 | 269.00 | 308.00 | NOTE | |
r-patched-linux-x86_64 | 23.11.0 | 44.40 | 229.70 | 274.10 | NOTE | |
r-release-linux-x86_64 | 23.11.0 | 37.30 | 229.13 | 266.43 | NOTE | |
r-release-macos-arm64 | 23.11.0 | 96.00 | OK | |||
r-release-macos-x86_64 | 23.11.0 | 198.00 | OK | |||
r-release-windows-x86_64 | 23.11.0 | 38.00 | 278.00 | 316.00 | NOTE | |
r-oldrel-macos-arm64 | 23.11.0 | 96.00 | OK | |||
r-oldrel-macos-x86_64 | 23.11.0 | 145.00 | OK | |||
r-oldrel-windows-x86_64 | 23.11.0 | 45.00 | 353.00 | 398.00 | OK |
Version: 23.11.0
Check: CRAN incoming feasibility
Result: NOTE
Maintainer: ‘Jose Luis Vicente Villardon <villardon@usal.es>’
No Authors@R field in DESCRIPTION.
Please add one, modifying
Authors@R: c(person(given = c("Jose", "Luis"),
family = "Vicente-Villardon",
role = "aut"),
person(given = "Laura",
family = "Vicente-Gonzalez",
role = "aut"),
person(given = "Elisa",
family = "Frutos-Bernal",
role = "aut"),
person(given = c("Jose", "Luis", "Vicente"),
family = "Villardon",
role = "cre",
email = "villardon@usal.es"))
as necessary.
Flavors: r-devel-linux-x86_64-debian-clang, r-devel-linux-x86_64-debian-gcc
Version: 23.11.0
Check: Rd cross-references
Result: NOTE
Found the following Rd file(s) with Rd \link{} targets missing package
anchors:
PolyOrdinalLogBiplot.Rd: fa, principal
Please provide package anchors for all Rd \link{} targets not in the
package itself and the base packages.
Flavors: r-devel-linux-x86_64-debian-clang, r-devel-linux-x86_64-debian-gcc, r-devel-windows-x86_64, r-patched-linux-x86_64, r-release-linux-x86_64, r-release-windows-x86_64