Last updated on 2025-04-28 18:50:15 CEST.
Flavor | Version | Tinstall | Tcheck | Ttotal | Status | Flags |
---|---|---|---|---|---|---|
r-devel-linux-x86_64-debian-clang | 0.2 | 20.58 | 35.91 | 56.49 | OK | |
r-devel-linux-x86_64-debian-gcc | 0.2 | 14.12 | 26.67 | 40.79 | NOTE | |
r-devel-linux-x86_64-fedora-clang | 0.2 | 100.31 | OK | |||
r-devel-linux-x86_64-fedora-gcc | 0.2 | 94.64 | OK | |||
r-devel-windows-x86_64 | 0.2 | 25.00 | 75.00 | 100.00 | OK | |
r-patched-linux-x86_64 | 0.2 | 20.36 | 36.19 | 56.55 | OK | |
r-release-linux-x86_64 | 0.2 | 18.53 | 34.82 | 53.35 | OK | |
r-release-macos-arm64 | 0.2 | 36.00 | OK | |||
r-release-macos-x86_64 | 0.2 | 62.00 | OK | |||
r-release-windows-x86_64 | 0.2 | 24.00 | 76.00 | 100.00 | OK | |
r-oldrel-macos-arm64 | 0.2 | 33.00 | OK | |||
r-oldrel-macos-x86_64 | 0.2 | 55.00 | OK | |||
r-oldrel-windows-x86_64 | 0.2 | 29.00 | 96.00 | 125.00 | OK |
Version: 0.2
Check: examples
Result: NOTE
Examples with CPU (user + system) or elapsed time > 5s
user system elapsed
perm_mvlogrank 4.007 0.023 5.372
Flavor: r-devel-linux-x86_64-debian-gcc