Last updated on 2025-04-28 18:50:15 CEST.
Flavor | Version | Tinstall | Tcheck | Ttotal | Status | Flags |
---|---|---|---|---|---|---|
r-devel-linux-x86_64-debian-clang | 1.1.3 | 6.31 | 61.10 | 67.41 | OK | |
r-devel-linux-x86_64-debian-gcc | 1.1.3 | 5.13 | 46.62 | 51.75 | NOTE | |
r-devel-linux-x86_64-fedora-clang | 1.1.3 | 108.30 | OK | |||
r-devel-linux-x86_64-fedora-gcc | 1.1.3 | 118.68 | OK | |||
r-devel-windows-x86_64 | 1.1.3 | 7.00 | 81.00 | 88.00 | OK | |
r-patched-linux-x86_64 | 1.1.3 | 7.25 | 60.02 | 67.27 | OK | |
r-release-linux-x86_64 | 1.1.3 | 6.45 | 59.95 | 66.40 | OK | |
r-release-macos-arm64 | 1.1.3 | 48.00 | OK | |||
r-release-macos-x86_64 | 1.1.3 | 80.00 | OK | |||
r-release-windows-x86_64 | 1.1.3 | 8.00 | 76.00 | 84.00 | OK | |
r-oldrel-macos-arm64 | 1.1.3 | 39.00 | OK | |||
r-oldrel-macos-x86_64 | 1.1.3 | 61.00 | OK | |||
r-oldrel-windows-x86_64 | 1.1.3 | 9.00 | 96.00 | 105.00 | OK |
Version: 1.1.3
Check: CRAN incoming feasibility
Result: NOTE
Maintainer: ‘Marie Perrot-Dockès <marie.perrocks@gmail.com>’
No Authors@R field in DESCRIPTION.
Please add one, modifying
Authors@R: c(person(given = "Marie",
family = "Perrot-Dockès",
role = c("aut", "cre"),
email = "marie.perrocks@gmail.com"),
person(given = "Céline",
family = "Lévy-Leduc",
role = "aut"),
person(given = "Julien",
family = "Chiquet",
role = "aut"))
as necessary.
File 'R/MultiVarSel-internal.R' sets .Random.seed.
This is usually neither needed nor wanted.
The Description field contains
<arXiv:1704.00076>.
Please refer to arXiv e-prints via their arXiv DOI <doi:10.48550/arXiv.YYMM.NNNNN>.
Flavor: r-devel-linux-x86_64-debian-gcc