Last updated on 2025-04-28 18:50:15 CEST.
Flavor | Version | Tinstall | Tcheck | Ttotal | Status | Flags |
---|---|---|---|---|---|---|
r-devel-linux-x86_64-debian-clang | 0.0.4 | 18.95 | 131.25 | 150.20 | OK | |
r-devel-linux-x86_64-debian-gcc | 0.0.4 | 12.10 | 92.43 | 104.53 | NOTE | |
r-devel-linux-x86_64-fedora-clang | 0.0.4 | 239.02 | OK | |||
r-devel-linux-x86_64-fedora-gcc | 0.0.4 | 228.91 | OK | |||
r-devel-windows-x86_64 | 0.0.4 | 19.00 | 132.00 | 151.00 | OK | |
r-patched-linux-x86_64 | 0.0.4 | 18.11 | 129.50 | 147.61 | OK | |
r-release-linux-x86_64 | 0.0.4 | 17.61 | 129.06 | 146.67 | OK | |
r-release-macos-arm64 | 0.0.4 | 84.00 | OK | |||
r-release-macos-x86_64 | 0.0.4 | 118.00 | OK | |||
r-release-windows-x86_64 | 0.0.4 | 20.00 | 131.00 | 151.00 | OK | |
r-oldrel-macos-arm64 | 0.0.4 | 62.00 | OK | |||
r-oldrel-macos-x86_64 | 0.0.4 | 89.00 | OK | |||
r-oldrel-windows-x86_64 | 0.0.4 | 24.00 | 170.00 | 194.00 | OK |
Version: 0.0.4
Check: CRAN incoming feasibility
Result: NOTE
Maintainer: ‘Xu Qin <xuqin@pitt.edu>’
No Authors@R field in DESCRIPTION.
Please add one, modifying
Authors@R: c(person(given = "Xu",
family = "Qin",
role = c("aut", "cre"),
email = "xuqin@pitt.edu"),
person(given = "Guanglei",
family = "Hong",
role = "aut"),
person(given = "Jonah",
family = "Deutsch",
role = "aut"),
person(given = "Edward",
family = "Bein",
role = "aut"))
as necessary.
Flavor: r-devel-linux-x86_64-debian-gcc
Version: 0.0.4
Check: examples
Result: NOTE
Examples with CPU (user + system) or elapsed time > 5s
user system elapsed
vartest.msmediate.concurrent 4.887 0.141 5.559
Flavor: r-devel-linux-x86_64-debian-gcc