CRAN Package Check Results for Package NPHMC

Last updated on 2025-04-28 18:50:16 CEST.

Flavor Version Tinstall Tcheck Ttotal Status Flags
r-devel-linux-x86_64-debian-clang 2.3 6.25 52.64 58.89 NOTE
r-devel-linux-x86_64-debian-gcc 2.3 4.44 40.20 44.64 NOTE
r-devel-linux-x86_64-fedora-clang 2.3 92.40 OK
r-devel-linux-x86_64-fedora-gcc 2.3 88.50 OK
r-devel-windows-x86_64 2.3 7.00 65.00 72.00 NOTE
r-patched-linux-x86_64 2.3 6.65 52.01 58.66 NOTE
r-release-linux-x86_64 2.3 5.86 51.18 57.04 NOTE
r-release-macos-arm64 2.3 33.00 OK
r-release-macos-x86_64 2.3 57.00 OK
r-release-windows-x86_64 2.3 7.00 68.00 75.00 NOTE
r-oldrel-macos-arm64 2.3 29.00 OK
r-oldrel-macos-x86_64 2.3 43.00 OK
r-oldrel-windows-x86_64 2.3 10.00 74.00 84.00 OK

Check Details

Version: 2.3
Check: Rd cross-references
Result: NOTE Found the following Rd file(s) with Rd \link{} targets missing package anchors: NPHMC-package.Rd: smcure Please provide package anchors for all Rd \link{} targets not in the package itself and the base packages. Flavors: r-devel-linux-x86_64-debian-clang, r-devel-linux-x86_64-debian-gcc, r-devel-windows-x86_64, r-patched-linux-x86_64, r-release-linux-x86_64, r-release-windows-x86_64

Version: 2.3
Check: CRAN incoming feasibility
Result: NOTE Maintainer: ‘Chao Cai <caic@email.sc.edu>’ No Authors@R field in DESCRIPTION. Please add one, modifying Authors@R: c(person(given = "Chao", family = "Cai", role = c("aut", "cre"), email = "caic@email.sc.edu"), person(given = "Songfeng", family = "Wang", role = "aut"), person(given = "Wenbin", family = "Lu", role = "aut"), person(given = "Jiajia", family = "Zhang", role = "aut")) as necessary. Flavor: r-devel-linux-x86_64-debian-gcc