Last updated on 2025-04-29 06:49:49 CEST.
Flavor | Version | Tinstall | Tcheck | Ttotal | Status | Flags |
---|---|---|---|---|---|---|
r-devel-linux-x86_64-debian-clang | 1.2.0 | 2.65 | 25.06 | 27.71 | OK | |
r-devel-linux-x86_64-debian-gcc | 1.2.0 | 1.82 | 19.78 | 21.60 | NOTE | |
r-devel-linux-x86_64-fedora-clang | 1.2.0 | 43.84 | OK | |||
r-devel-linux-x86_64-fedora-gcc | 1.2.0 | 41.46 | OK | |||
r-devel-windows-x86_64 | 1.2.0 | 4.00 | 45.00 | 49.00 | OK | |
r-patched-linux-x86_64 | 1.2.0 | 2.67 | 24.49 | 27.16 | OK | |
r-release-linux-x86_64 | 1.2.0 | 2.55 | 24.31 | 26.86 | OK | |
r-release-macos-arm64 | 1.2.0 | 22.00 | OK | |||
r-release-macos-x86_64 | 1.2.0 | 31.00 | OK | |||
r-release-windows-x86_64 | 1.2.0 | 4.00 | 49.00 | 53.00 | OK | |
r-oldrel-macos-arm64 | 1.2.0 | 19.00 | NOTE | |||
r-oldrel-macos-x86_64 | 1.2.0 | 25.00 | NOTE | |||
r-oldrel-windows-x86_64 | 1.2.0 | 5.00 | 50.00 | 55.00 | NOTE |
Version: 1.2.0
Check: CRAN incoming feasibility
Result: NOTE
Maintainer: ‘Maya B. Mathur <mmathur@stanford.edu>’
No Authors@R field in DESCRIPTION.
Please add one, modifying
Authors@R: c(person(given = c("Maya", "B."),
family = "Mathur",
role = c("aut", "cre"),
email = "mmathur@stanford.edu"),
person(given = c("Tyler", "J."),
family = "VanderWeele",
role = "aut"))
as necessary.
Package CITATION file contains call(s) to old-style personList() or
as.personList(). Please use c() on person objects instead.
Package CITATION file contains call(s) to old-style citEntry(). Please
use bibentry() instead.
Flavor: r-devel-linux-x86_64-debian-gcc
Version: 1.2.0
Check: LazyData
Result: NOTE
'LazyData' is specified without a 'data' directory
Flavors: r-oldrel-macos-arm64, r-oldrel-macos-x86_64, r-oldrel-windows-x86_64