Last updated on 2025-04-28 18:50:15 CEST.
Flavor | Version | Tinstall | Tcheck | Ttotal | Status | Flags |
---|---|---|---|---|---|---|
r-devel-linux-x86_64-debian-clang | 0.8 | 22.95 | 150.80 | 173.75 | NOTE | --no-vignettes |
r-devel-linux-x86_64-debian-gcc | 0.8 | 15.87 | 105.07 | 120.94 | NOTE | --no-vignettes |
r-devel-linux-x86_64-fedora-clang | 0.8 | 266.21 | NOTE | |||
r-devel-linux-x86_64-fedora-gcc | 0.8 | 252.57 | NOTE | |||
r-devel-windows-x86_64 | 0.8 | 22.00 | 143.00 | 165.00 | NOTE | |
r-patched-linux-x86_64 | 0.8 | 22.72 | 144.42 | 167.14 | NOTE | --no-vignettes |
r-release-linux-x86_64 | 0.8 | 23.21 | 143.49 | 166.70 | NOTE | --no-vignettes |
r-release-macos-arm64 | 0.8 | 71.00 | NOTE | |||
r-release-macos-x86_64 | 0.8 | 133.00 | NOTE | |||
r-release-windows-x86_64 | 0.8 | 22.00 | 144.00 | 166.00 | NOTE | |
r-oldrel-macos-arm64 | 0.8 | 68.00 | NOTE | |||
r-oldrel-macos-x86_64 | 0.8 | 100.00 | NOTE | |||
r-oldrel-windows-x86_64 | 0.8 | 32.00 | 182.00 | 214.00 | NOTE |
Version: 0.8
Flags: --no-vignettes
Check: Rd files
Result: NOTE
checkRd: (-1) NetworkChange.Rd:163: Escaped LaTeX specials: \&
checkRd: (-1) NetworkChangeRobust.Rd:144: Escaped LaTeX specials: \&
checkRd: (-1) NetworkStatic.Rd:142: Escaped LaTeX specials: \&
Flavors: r-devel-linux-x86_64-debian-clang, r-devel-linux-x86_64-debian-gcc, r-patched-linux-x86_64, r-release-linux-x86_64
Version: 0.8
Flags: --no-vignettes
Check: CRAN incoming feasibility
Result: NOTE
Maintainer: ‘Jong Hee Park <jongheepark@snu.ac.kr>’
No Authors@R field in DESCRIPTION.
Please add one, modifying
Authors@R: c(person(given = c("Jong", "Hee"),
family = "Park",
role = c("aut", "cre"),
email = "jongheepark@snu.ac.kr"),
person(given = "Yunkyu",
family = "Sohn",
role = "aut"))
as necessary.
Flavor: r-devel-linux-x86_64-debian-gcc
Version: 0.8
Check: Rd files
Result: NOTE
checkRd: (-1) NetworkChange.Rd:163: Escaped LaTeX specials: \&
checkRd: (-1) NetworkChangeRobust.Rd:144: Escaped LaTeX specials: \&
checkRd: (-1) NetworkStatic.Rd:142: Escaped LaTeX specials: \&
Flavors: r-devel-linux-x86_64-fedora-clang, r-devel-linux-x86_64-fedora-gcc, r-devel-windows-x86_64, r-release-macos-arm64, r-release-macos-x86_64, r-release-windows-x86_64, r-oldrel-macos-arm64, r-oldrel-macos-x86_64, r-oldrel-windows-x86_64