Last updated on 2025-04-29 06:49:49 CEST.
Flavor | Version | Tinstall | Tcheck | Ttotal | Status | Flags |
---|---|---|---|---|---|---|
r-devel-linux-x86_64-debian-clang | 0.3.0 | 2.32 | 26.24 | 28.56 | OK | |
r-devel-linux-x86_64-debian-gcc | 0.3.0 | 1.58 | 21.96 | 23.54 | NOTE | |
r-devel-linux-x86_64-fedora-clang | 0.3.0 | 45.85 | OK | |||
r-devel-linux-x86_64-fedora-gcc | 0.3.0 | 57.87 | OK | |||
r-devel-windows-x86_64 | 0.3.0 | 3.00 | 48.00 | 51.00 | OK | |
r-patched-linux-x86_64 | 0.3.0 | 1.55 | 25.65 | 27.20 | OK | |
r-release-linux-x86_64 | 0.3.0 | 1.89 | 25.65 | 27.54 | OK | |
r-release-macos-arm64 | 0.3.0 | 32.00 | OK | |||
r-release-macos-x86_64 | 0.3.0 | 44.00 | OK | |||
r-release-windows-x86_64 | 0.3.0 | 3.00 | 52.00 | 55.00 | OK | |
r-oldrel-macos-arm64 | 0.3.0 | 23.00 | OK | |||
r-oldrel-macos-x86_64 | 0.3.0 | 35.00 | OK | |||
r-oldrel-windows-x86_64 | 0.3.0 | 4.00 | 55.00 | 59.00 | OK |
Version: 0.3.0
Check: CRAN incoming feasibility
Result: NOTE
Maintainer: ‘Paul R. Hibbing <paulhibbing@gmail.com>’
Package CITATION file contains call(s) to old-style personList() or
as.personList(). Please use c() on person objects instead.
Package CITATION file contains call(s) to old-style citEntry(). Please
use bibentry() instead.
Flavor: r-devel-linux-x86_64-debian-gcc