CRAN Package Check Results for Package Omisc

Last updated on 2025-04-29 06:49:49 CEST.

Flavor Version Tinstall Tcheck Ttotal Status Flags
r-devel-linux-x86_64-debian-clang 0.1.5 2.34 45.28 47.62 OK
r-devel-linux-x86_64-debian-gcc 0.1.5 2.28 34.73 37.01 NOTE
r-devel-linux-x86_64-fedora-clang 0.1.5 76.66 NOTE
r-devel-linux-x86_64-fedora-gcc 0.1.5 76.89 NOTE
r-devel-windows-x86_64 0.1.5 4.00 74.00 78.00 OK
r-patched-linux-x86_64 0.1.5 3.73 44.53 48.26 OK
r-release-linux-x86_64 0.1.5 2.84 43.87 46.71 OK
r-release-macos-arm64 0.1.5 29.00 OK
r-release-macos-x86_64 0.1.5 46.00 OK
r-release-windows-x86_64 0.1.5 4.00 74.00 78.00 OK
r-oldrel-macos-arm64 0.1.5 25.00 OK
r-oldrel-macos-x86_64 0.1.5 37.00 OK
r-oldrel-windows-x86_64 0.1.5 6.00 92.00 98.00 OK

Check Details

Version: 0.1.5
Check: CRAN incoming feasibility
Result: NOTE Maintainer: ‘Patrick O'Keefe <okeefep@ohsu.edu>’ No Authors@R field in DESCRIPTION. Please add one, modifying Authors@R: person(given = "Patrick", family = "O'Keefe", role = c("aut", "cre"), email = "okeefep@ohsu.edu") as necessary. Flavor: r-devel-linux-x86_64-debian-gcc

Version: 0.1.5
Check: dependencies in R code
Result: NOTE Namespace in Imports field not imported from: ‘base’ All declared Imports should be used. Flavors: r-devel-linux-x86_64-fedora-clang, r-devel-linux-x86_64-fedora-gcc