Last updated on 2025-04-28 18:50:17 CEST.
Flavor | Version | Tinstall | Tcheck | Ttotal | Status | Flags |
---|---|---|---|---|---|---|
r-devel-linux-x86_64-debian-clang | 3.1 | 4.69 | 59.79 | 64.48 | OK | |
r-devel-linux-x86_64-debian-gcc | 3.1 | 3.36 | 45.89 | 49.25 | NOTE | |
r-devel-linux-x86_64-fedora-clang | 3.1 | 95.49 | OK | |||
r-devel-linux-x86_64-fedora-gcc | 3.1 | 106.31 | OK | |||
r-devel-windows-x86_64 | 3.1 | 6.00 | 68.00 | 74.00 | OK | |
r-patched-linux-x86_64 | 3.1 | 5.09 | 58.64 | 63.73 | OK | |
r-release-linux-x86_64 | 3.1 | 4.43 | 58.21 | 62.64 | OK | |
r-release-macos-arm64 | 3.1 | 31.00 | OK | |||
r-release-macos-x86_64 | 3.1 | 62.00 | OK | |||
r-release-windows-x86_64 | 3.1 | 6.00 | 72.00 | 78.00 | OK | |
r-oldrel-macos-arm64 | 3.1 | 37.00 | OK | |||
r-oldrel-macos-x86_64 | 3.1 | 62.00 | OK | |||
r-oldrel-windows-x86_64 | 3.1 | 6.00 | 82.00 | 88.00 | OK |
Version: 3.1
Check: CRAN incoming feasibility
Result: NOTE
Maintainer: ‘Marie Chavent <Marie.Chavent@u-bordeaux.fr>’
Found the following \keyword or \concept entries
which likely give several index terms:
File ‘MFAmix.Rd’:
\keyword{multivariate, mixed type data, data struc [TRUNCATED]
Flavor: r-devel-linux-x86_64-debian-gcc