Last updated on 2025-04-28 18:50:17 CEST.
Flavor | Version | Tinstall | Tcheck | Ttotal | Status | Flags |
---|---|---|---|---|---|---|
r-devel-linux-x86_64-debian-clang | 0.2.0 | 9.73 | 81.09 | 90.82 | OK | |
r-devel-linux-x86_64-debian-gcc | 0.2.0 | 8.44 | 59.63 | 68.07 | NOTE | |
r-devel-linux-x86_64-fedora-clang | 0.2.0 | 145.24 | OK | |||
r-devel-linux-x86_64-fedora-gcc | 0.2.0 | 140.57 | OK | |||
r-devel-windows-x86_64 | 0.2.0 | 13.00 | 97.00 | 110.00 | OK | |
r-patched-linux-x86_64 | 0.2.0 | 11.56 | 82.10 | 93.66 | OK | |
r-release-linux-x86_64 | 0.2.0 | 12.02 | 80.99 | 93.01 | OK | |
r-release-macos-arm64 | 0.2.0 | 49.00 | OK | |||
r-release-macos-x86_64 | 0.2.0 | 81.00 | OK | |||
r-release-windows-x86_64 | 0.2.0 | 12.00 | 99.00 | 111.00 | OK | |
r-oldrel-macos-arm64 | 0.2.0 | 38.00 | OK | |||
r-oldrel-macos-x86_64 | 0.2.0 | 70.00 | OK | |||
r-oldrel-windows-x86_64 | 0.2.0 | 18.00 | 122.00 | 140.00 | OK |
Version: 0.2.0
Check: CRAN incoming feasibility
Result: NOTE
Maintainer: ‘Laura Vicente-Gonzalez <laura20vg@usal.es>’
No Authors@R field in DESCRIPTION.
Please add one, modifying
Authors@R: c(person(given = "Laura",
family = "Vicente-Gonzalez",
role = c("aut", "cre"),
email = "laura20vg@usal.es"),
person(given = c("Jose", "Luis"),
family = "Vicente-Villardon",
role = "aut"))
as necessary.
Flavor: r-devel-linux-x86_64-debian-gcc