Last updated on 2025-04-29 18:50:50 CEST.
Flavor | Version | Tinstall | Tcheck | Ttotal | Status | Flags |
---|---|---|---|---|---|---|
r-devel-linux-x86_64-debian-clang | 1.1 | 4.36 | 19.36 | 23.72 | NOTE | |
r-devel-linux-x86_64-debian-gcc | 1.1 | 3.05 | 16.05 | 19.10 | NOTE | |
r-devel-linux-x86_64-fedora-clang | 1.1 | 37.19 | NOTE | |||
r-devel-linux-x86_64-fedora-gcc | 1.1 | 35.16 | NOTE | |||
r-devel-windows-x86_64 | 1.1 | 7.00 | 41.00 | 48.00 | NOTE | |
r-patched-linux-x86_64 | 1.1 | 3.54 | 18.74 | 22.28 | NOTE | |
r-release-linux-x86_64 | 1.1 | 3.27 | 18.62 | 21.89 | NOTE | |
r-release-macos-arm64 | 1.1 | 21.00 | NOTE | |||
r-release-macos-x86_64 | 1.1 | 26.00 | NOTE | |||
r-release-windows-x86_64 | 1.1 | 8.00 | 42.00 | 50.00 | NOTE | |
r-oldrel-macos-arm64 | 1.1 | 19.00 | NOTE | |||
r-oldrel-macos-x86_64 | 1.1 | 24.00 | NOTE | |||
r-oldrel-windows-x86_64 | 1.1 | 6.00 | 42.00 | 48.00 | NOTE |
Version: 1.1
Check: CRAN incoming feasibility
Result: NOTE
Maintainer: ‘Euloge Clovis Kenne Pagui <kenne@stat.unipd.it>’
No Authors@R field in DESCRIPTION.
Please add one, modifying
Authors@R: c(person(given = c("Euloge", "Clovis", "Kenne"),
family = "Pagui",
role = c("aut", "cre"),
email = "kenne@stat.unipd.it"),
person(given = "Antonio",
family = "Canale",
role = "aut"),
person(given = "Alan",
family = "Genz",
role = "ctb"),
person(given = "Adelchi",
family = "Azzalini",
role = "ctb"))
as necessary.
Flavors: r-devel-linux-x86_64-debian-clang, r-devel-linux-x86_64-debian-gcc
Version: 1.1
Check: Rd files
Result: NOTE
checkRd: (-1) delta2a.Rd:21: Lost braces; missing escapes or markup?
21 | delta_k = log(a_k - a_{k+1})
| ^
checkRd: (-1) ordprob.mple.Rd:29: Lost braces
29 | logical. If code{TRUE} all the q variable are assumed to have the same mean.
| ^
Flavors: r-devel-linux-x86_64-debian-clang, r-devel-linux-x86_64-debian-gcc, r-devel-linux-x86_64-fedora-clang, r-devel-linux-x86_64-fedora-gcc, r-devel-windows-x86_64, r-patched-linux-x86_64, r-release-linux-x86_64, r-release-macos-arm64, r-release-macos-x86_64, r-release-windows-x86_64, r-oldrel-macos-arm64, r-oldrel-macos-x86_64, r-oldrel-windows-x86_64