CRAN Package Check Results for Package PP

Last updated on 2025-04-28 18:50:17 CEST.

Flavor Version Tinstall Tcheck Ttotal Status Flags
r-devel-linux-x86_64-debian-clang 0.6.3-11 24.16 58.40 82.56 OK
r-devel-linux-x86_64-debian-gcc 0.6.3-11 17.56 44.65 62.21 NOTE
r-devel-linux-x86_64-fedora-clang 0.6.3-11 137.87 OK
r-devel-linux-x86_64-fedora-gcc 0.6.3-11 152.17 OK
r-devel-windows-x86_64 0.6.3-11 24.00 97.00 121.00 OK
r-patched-linux-x86_64 0.6.3-11 23.51 57.63 81.14 OK
r-release-linux-x86_64 0.6.3-11 24.62 56.81 81.43 OK
r-release-macos-arm64 0.6.3-11 54.00 OK
r-release-macos-x86_64 0.6.3-11 110.00 OK
r-release-windows-x86_64 0.6.3-11 25.00 105.00 130.00 OK
r-oldrel-macos-arm64 0.6.3-11 43.00 OK
r-oldrel-macos-x86_64 0.6.3-11 84.00 OK
r-oldrel-windows-x86_64 0.6.3-11 26.00 115.00 141.00 OK

Check Details

Version: 0.6.3-11
Check: CRAN incoming feasibility
Result: NOTE Maintainer: ‘Jan Steinfeld <jan.d.steinfeld@gmail.com>’ Package CITATION file contains call(s) to old-style personList() or as.personList(). Please use c() on person objects instead. Package CITATION file contains call(s) to old-style citEntry(). Please use bibentry() instead. Flavor: r-devel-linux-x86_64-debian-gcc