CRAN Package Check Results for Package PRISMA

Last updated on 2025-07-03 19:50:37 CEST.

Flavor Version Tinstall Tcheck Ttotal Status Flags
r-devel-linux-x86_64-debian-clang 0.2-7 8.98 89.70 98.68 NOTE
r-devel-linux-x86_64-debian-gcc 0.2-7 7.07 66.52 73.59 NOTE
r-devel-linux-x86_64-fedora-clang 0.2-7 160.94 OK
r-devel-linux-x86_64-fedora-gcc 0.2-7 158.41 OK
r-devel-windows-x86_64 0.2-7 10.00 112.00 122.00 OK
r-patched-linux-x86_64 0.2-7 8.64 84.52 93.16 OK
r-release-linux-x86_64 0.2-7 10.01 84.60 94.61 OK
r-release-macos-arm64 0.2-7 50.00 OK
r-release-macos-x86_64 0.2-7 94.00 OK
r-release-windows-x86_64 0.2-7 10.00 112.00 122.00 OK
r-oldrel-macos-arm64 0.2-7 49.00 OK
r-oldrel-macos-x86_64 0.2-7 76.00 OK
r-oldrel-windows-x86_64 0.2-7 15.00 130.00 145.00 OK

Check Details

Version: 0.2-7
Check: CRAN incoming feasibility
Result: NOTE Maintainer: ‘Tammo Krueger <tammokrueger@googlemail.com>’ No Authors@R field in DESCRIPTION. Please add one, modifying Authors@R: c(person(given = "Tammo", family = "Krueger", role = c("aut", "cre"), email = "tammokrueger@googlemail.com"), person(given = "Nicole", family = "Kraemer", role = "aut")) as necessary. Flavors: r-devel-linux-x86_64-debian-clang, r-devel-linux-x86_64-debian-gcc