Last updated on 2025-04-29 06:49:50 CEST.
Flavor | Version | Tinstall | Tcheck | Ttotal | Status | Flags |
---|---|---|---|---|---|---|
r-devel-linux-x86_64-debian-clang | 2024.1.24 | 2.64 | 23.38 | 26.02 | OK | |
r-devel-linux-x86_64-debian-gcc | 2024.1.24 | 2.02 | 18.94 | 20.96 | NOTE | |
r-devel-linux-x86_64-fedora-clang | 2024.1.24 | 40.89 | OK | |||
r-devel-linux-x86_64-fedora-gcc | 2024.1.24 | 39.08 | OK | |||
r-devel-windows-x86_64 | 2024.1.24 | 5.00 | 49.00 | 54.00 | OK | |
r-patched-linux-x86_64 | 2024.1.24 | 2.60 | 23.67 | 26.27 | OK | |
r-release-linux-x86_64 | 2024.1.24 | 2.62 | 22.85 | 25.47 | OK | |
r-release-macos-arm64 | 2024.1.24 | 18.00 | OK | |||
r-release-macos-x86_64 | 2024.1.24 | 29.00 | OK | |||
r-release-windows-x86_64 | 2024.1.24 | 6.00 | 49.00 | 55.00 | OK | |
r-oldrel-macos-arm64 | 2024.1.24 | 18.00 | OK | |||
r-oldrel-macos-x86_64 | 2024.1.24 | 28.00 | OK | |||
r-oldrel-windows-x86_64 | 2024.1.24 | 7.00 | 52.00 | 59.00 | OK |
Version: 2024.1.24
Check: CRAN incoming feasibility
Result: NOTE
Maintainer: ‘Toby Dylan Hocking <toby.hocking@r-project.org>’
No Authors@R field in DESCRIPTION.
Please add one, modifying
Authors@R: c(person(given = c("Toby", "Dylan"),
family = "Hocking",
role = c("aut", "cre"),
email = "toby.hocking@r-project.org"),
person(given = "Guillem",
family = "Rigaill",
role = "aut"))
as necessary.
Flavor: r-devel-linux-x86_64-debian-gcc