CRAN Package Check Results for Package PerformanceAnalytics

Last updated on 2025-04-29 18:50:50 CEST.

Flavor Version Tinstall Tcheck Ttotal Status Flags
r-devel-linux-x86_64-debian-clang 2.0.8 23.47 227.33 250.80 NOTE
r-devel-linux-x86_64-debian-gcc 2.0.8 15.79 151.81 167.60 OK
r-devel-linux-x86_64-fedora-clang 2.0.8 405.74 OK
r-devel-linux-x86_64-fedora-gcc 2.0.8 410.98 OK
r-devel-windows-x86_64 2.0.8 31.00 209.00 240.00 OK --no-vignettes
r-patched-linux-x86_64 2.0.8 30.93 221.86 252.79 OK
r-release-linux-x86_64 2.0.8 24.02 217.42 241.44 OK
r-release-macos-arm64 2.0.8 131.00 OK
r-release-macos-x86_64 2.0.8 257.00 OK
r-release-windows-x86_64 2.0.8 30.00 214.00 244.00 OK --no-vignettes
r-oldrel-macos-arm64 2.0.8 111.00 OK
r-oldrel-macos-x86_64 2.0.8 282.00 OK
r-oldrel-windows-x86_64 2.0.8 35.00 244.00 279.00 OK --no-vignettes

Check Details

Version: 2.0.8
Check: examples
Result: NOTE Examples with CPU (user + system) or elapsed time > 5s user system elapsed SFM.coefficients 4.904 0.031 6.315 Flavor: r-devel-linux-x86_64-debian-clang