CRAN Package Check Results for Package PogromcyDanych

Last updated on 2025-04-28 18:50:17 CEST.

Flavor Version Tinstall Tcheck Ttotal Status Flags
r-devel-linux-x86_64-debian-clang 1.7.1 33.31 42.77 76.08 OK
r-devel-linux-x86_64-debian-gcc 1.7.1 23.92 33.81 57.73 NOTE
r-devel-linux-x86_64-fedora-clang 1.7.1 121.35 OK
r-devel-linux-x86_64-fedora-gcc 1.7.1 118.93 OK
r-devel-windows-x86_64 1.7.1 34.00 64.00 98.00 OK
r-patched-linux-x86_64 1.7.1 32.94 44.72 77.66 OK
r-release-linux-x86_64 1.7.1 33.21 44.07 77.28 OK
r-release-macos-arm64 1.7.1 46.00 OK
r-release-macos-x86_64 1.7.1 81.00 OK
r-release-windows-x86_64 1.7.1 35.00 65.00 100.00 OK
r-oldrel-macos-arm64 1.7.1 49.00 OK
r-oldrel-macos-x86_64 1.7.1 61.00 OK
r-oldrel-windows-x86_64 1.7.1 45.00 71.00 116.00 OK

Check Details

Version: 1.7.1
Check: CRAN incoming feasibility
Result: NOTE Maintainer: ‘Przemyslaw Biecek <przemyslaw.biecek@gmail.com>’ No Authors@R field in DESCRIPTION. Please add one, modifying Authors@R: person(given = "Przemyslaw", family = "Biecek", role = c("aut", "cre"), email = "przemyslaw.biecek@gmail.com") as necessary. Flavor: r-devel-linux-x86_64-debian-gcc