Last updated on 2025-04-28 18:50:17 CEST.
Flavor | Version | Tinstall | Tcheck | Ttotal | Status | Flags |
---|---|---|---|---|---|---|
r-devel-linux-x86_64-debian-clang | 1.3.3 | 7.98 | 55.39 | 63.37 | OK | |
r-devel-linux-x86_64-debian-gcc | 1.3.3 | 5.37 | 42.76 | 48.13 | NOTE | |
r-devel-linux-x86_64-fedora-clang | 1.3.3 | 99.39 | OK | |||
r-devel-linux-x86_64-fedora-gcc | 1.3.3 | 93.90 | OK | |||
r-devel-windows-x86_64 | 1.3.3 | 8.00 | 71.00 | 79.00 | OK | |
r-patched-linux-x86_64 | 1.3.3 | 8.28 | 54.47 | 62.75 | OK | |
r-release-linux-x86_64 | 1.3.3 | 7.39 | 54.11 | 61.50 | OK | |
r-release-macos-arm64 | 1.3.3 | 33.00 | OK | |||
r-release-macos-x86_64 | 1.3.3 | 58.00 | OK | |||
r-release-windows-x86_64 | 1.3.3 | 8.00 | 72.00 | 80.00 | OK | |
r-oldrel-macos-arm64 | 1.3.3 | 29.00 | OK | |||
r-oldrel-macos-x86_64 | 1.3.3 | 44.00 | OK | |||
r-oldrel-windows-x86_64 | 1.3.3 | 11.00 | 84.00 | 95.00 | OK |
Version: 1.3.3
Check: CRAN incoming feasibility
Result: NOTE
Maintainer: ‘Ran Gao <rgao8@uic.edu>’
No Authors@R field in DESCRIPTION.
Please add one, modifying
Authors@R: c(person(given = "Gul",
family = "Inan",
role = "aut"),
person(given = "Hakan",
family = "Demirtas",
role = "aut"),
person(given = "Ran",
family = "Gao",
role = c("aut", "cre"),
email = "rgao8@uic.edu"))
as necessary.
Flavor: r-devel-linux-x86_64-debian-gcc