Last updated on 2025-04-28 18:50:17 CEST.
Flavor | Version | Tinstall | Tcheck | Ttotal | Status | Flags |
---|---|---|---|---|---|---|
r-devel-linux-x86_64-debian-clang | 0.0.1 | 3.30 | 25.63 | 28.93 | OK | |
r-devel-linux-x86_64-debian-gcc | 0.0.1 | 2.33 | 19.77 | 22.10 | NOTE | |
r-devel-linux-x86_64-fedora-clang | 0.0.1 | 44.50 | OK | |||
r-devel-linux-x86_64-fedora-gcc | 0.0.1 | 42.68 | OK | |||
r-devel-windows-x86_64 | 0.0.1 | 4.00 | 44.00 | 48.00 | OK | |
r-patched-linux-x86_64 | 0.0.1 | 2.99 | 24.94 | 27.93 | OK | |
r-release-linux-x86_64 | 0.0.1 | 2.72 | 24.56 | 27.28 | OK | |
r-release-macos-arm64 | 0.0.1 | 21.00 | OK | |||
r-release-macos-x86_64 | 0.0.1 | 33.00 | OK | |||
r-release-windows-x86_64 | 0.0.1 | 6.00 | 45.00 | 51.00 | OK | |
r-oldrel-macos-arm64 | 0.0.1 | 18.00 | OK | |||
r-oldrel-macos-x86_64 | 0.0.1 | 31.00 | OK | |||
r-oldrel-windows-x86_64 | 0.0.1 | 5.00 | 47.00 | 52.00 | OK |
Version: 0.0.1
Check: CRAN incoming feasibility
Result: NOTE
Maintainer: ‘Sourav Chatterjee <souravc@stanford.edu>’
The Description field contains
Vidyasagar (2022) <arxiv:2209.07028>. The method is fully
Please refer to arXiv e-prints via their arXiv DOI <doi:10.48550/arXiv.YYMM.NNNNN>.
Flavor: r-devel-linux-x86_64-debian-gcc