Last updated on 2025-04-29 06:49:51 CEST.
Flavor | Version | Tinstall | Tcheck | Ttotal | Status | Flags |
---|---|---|---|---|---|---|
r-devel-linux-x86_64-debian-clang | 0.1.2 | 2.01 | 448.29 | 450.30 | OK | |
r-devel-linux-x86_64-debian-gcc | 0.1.2 | 1.61 | 388.04 | 389.65 | NOTE | |
r-devel-linux-x86_64-fedora-clang | 0.1.2 | 678.80 | OK | |||
r-devel-linux-x86_64-fedora-gcc | 0.1.2 | 828.80 | OK | |||
r-devel-windows-x86_64 | 0.1.2 | 4.00 | 60.00 | 64.00 | OK | |
r-patched-linux-x86_64 | 0.1.2 | 2.00 | 504.86 | 506.86 | OK | |
r-release-linux-x86_64 | 0.1.2 | 1.84 | 488.85 | 490.69 | OK | |
r-release-macos-arm64 | 0.1.2 | 340.00 | OK | |||
r-release-macos-x86_64 | 0.1.2 | 872.00 | OK | |||
r-release-windows-x86_64 | 0.1.2 | 3.00 | 61.00 | 64.00 | OK | |
r-oldrel-macos-arm64 | 0.1.2 | 245.00 | OK | |||
r-oldrel-macos-x86_64 | 0.1.2 | 453.00 | OK | |||
r-oldrel-windows-x86_64 | 0.1.2 | 4.00 | 64.00 | 68.00 | OK |
Version: 0.1.2
Check: CRAN incoming feasibility
Result: NOTE
Maintainer: ‘James Robinson <james.em.robinson@gmail.com>’
The Description field contains
<arXiv:1806.11544>.
Please refer to arXiv e-prints via their arXiv DOI <doi:10.48550/arXiv.YYMM.NNNNN>.
Flavor: r-devel-linux-x86_64-debian-gcc