Last updated on 2025-04-28 18:50:18 CEST.
Flavor | Version | Tinstall | Tcheck | Ttotal | Status | Flags |
---|---|---|---|---|---|---|
r-devel-linux-x86_64-debian-clang | 0.4 | 16.61 | 124.09 | 140.70 | OK | |
r-devel-linux-x86_64-debian-gcc | 0.4 | 11.56 | 93.84 | 105.40 | NOTE | |
r-devel-linux-x86_64-fedora-clang | 0.4 | 213.39 | OK | |||
r-devel-linux-x86_64-fedora-gcc | 0.4 | 205.19 | OK | |||
r-devel-windows-x86_64 | 0.4 | 18.00 | 129.00 | 147.00 | OK | |
r-patched-linux-x86_64 | 0.4 | 14.95 | 120.55 | 135.50 | OK | |
r-release-linux-x86_64 | 0.4 | 14.55 | 118.30 | 132.85 | OK | |
r-release-macos-arm64 | 0.4 | 57.00 | OK | |||
r-release-macos-x86_64 | 0.4 | 107.00 | OK | |||
r-release-windows-x86_64 | 0.4 | 16.00 | 129.00 | 145.00 | OK | |
r-oldrel-macos-arm64 | 0.4 | 59.00 | OK | |||
r-oldrel-macos-x86_64 | 0.4 | 86.00 | OK | |||
r-oldrel-windows-x86_64 | 0.4 | 23.00 | 157.00 | 180.00 | OK |
Version: 0.4
Check: CRAN incoming feasibility
Result: NOTE
Maintainer: ‘Atesh Koul <atesh.koul@gmail.com>’
No Authors@R field in DESCRIPTION.
Please add one, modifying
Authors@R: person(given = "Atesh",
family = "Koul",
role = c("aut", "cre"),
email = "atesh.koul@gmail.com")
as necessary.
Flavor: r-devel-linux-x86_64-debian-gcc