Last updated on 2025-04-29 18:50:51 CEST.
Flavor | Version | Tinstall | Tcheck | Ttotal | Status | Flags |
---|---|---|---|---|---|---|
r-devel-linux-x86_64-debian-clang | 1.1 | 78.09 | 59.72 | 137.81 | OK | |
r-devel-linux-x86_64-debian-gcc | 1.1 | 57.85 | 47.01 | 104.86 | OK | |
r-devel-linux-x86_64-fedora-clang | 1.1 | 195.35 | OK | |||
r-devel-linux-x86_64-fedora-gcc | 1.1 | 232.32 | OK | |||
r-devel-windows-x86_64 | 1.1 | 67.00 | 90.00 | 157.00 | OK | |
r-patched-linux-x86_64 | 1.1 | 78.63 | 59.48 | 138.11 | OK | |
r-release-linux-x86_64 | 1.1 | 76.97 | 59.47 | 136.44 | OK | |
r-release-macos-arm64 | 1.1 | 63.00 | OK | |||
r-release-macos-x86_64 | 1.1 | 120.00 | OK | |||
r-release-windows-x86_64 | 1.1 | 66.00 | 92.00 | 158.00 | OK | |
r-oldrel-macos-arm64 | 1.1 | 54.00 | NOTE | |||
r-oldrel-macos-x86_64 | 1.1 | 86.00 | NOTE | |||
r-oldrel-windows-x86_64 | 1.1 | 78.00 | 111.00 | 189.00 | OK |
Version: 1.1
Check: installed package size
Result: NOTE
installed size is 20.8Mb
sub-directories of 1Mb or more:
libs 20.6Mb
Flavors: r-oldrel-macos-arm64, r-oldrel-macos-x86_64